CRAN Package Check Results for Package RSpectra

Last updated on 2018-11-24 00:51:23 CET.

Flavor Version Tinstall Tcheck Ttotal Status Flags
r-devel-linux-x86_64-debian-clang 0.13-1 186.82 57.92 244.74 OK
r-devel-linux-x86_64-debian-gcc 0.13-1 182.43 50.67 233.10 OK
r-devel-linux-x86_64-fedora-clang 0.13-1 317.66 NOTE
r-devel-linux-x86_64-fedora-gcc 0.13-1 306.08 OK
r-devel-windows-ix86+x86_64 0.13-1 344.00 126.00 470.00 OK
r-patched-linux-x86_64 0.13-1 220.94 59.97 280.91 OK
r-patched-solaris-x86 0.13-1 295.50 OK
r-release-linux-x86_64 0.13-1 209.22 59.63 268.85 OK
r-release-windows-ix86+x86_64 0.13-1 342.00 121.00 463.00 OK
r-release-osx-x86_64 0.13-1 NOTE
r-oldrel-windows-ix86+x86_64 0.13-1 339.00 135.00 474.00 OK
r-oldrel-osx-x86_64 0.13-1 NOTE

Check Details

Version: 0.13-1
Check: installed package size
Result: NOTE
     installed size is 54.4Mb
     sub-directories of 1Mb or more:
     libs 53.8Mb
Flavors: r-devel-linux-x86_64-fedora-clang, r-release-osx-x86_64, r-oldrel-osx-x86_64