CRAN Package Check Results for Package Rblpapi

Last updated on 2018-11-24 00:51:20 CET.

Flavor Version Tinstall Tcheck Ttotal Status Flags
r-devel-linux-x86_64-debian-clang 0.3.8 125.46 27.20 152.66 OK
r-devel-linux-x86_64-debian-gcc 0.3.8 108.55 22.53 131.08 OK
r-devel-linux-x86_64-fedora-clang 0.3.8 234.09 NOTE
r-devel-linux-x86_64-fedora-gcc 0.3.8 210.63 OK
r-devel-windows-ix86+x86_64 0.3.8 360.00 175.00 535.00 NOTE
r-patched-linux-x86_64 0.3.8 133.00 25.97 158.97 OK
r-release-linux-x86_64 0.3.8 133.49 26.04 159.53 OK
r-release-windows-ix86+x86_64 0.3.8 355.00 158.00 513.00 NOTE
r-release-osx-x86_64 0.3.8 NOTE
r-oldrel-windows-ix86+x86_64 0.3.8 366.00 195.00 561.00 NOTE
r-oldrel-osx-x86_64 0.3.8 NOTE

Check Details

Version: 0.3.8
Check: installed package size
Result: NOTE
     installed size is 15.2Mb
     sub-directories of 1Mb or more:
     blp 7.1Mb
     libs 7.2Mb
Flavors: r-devel-linux-x86_64-fedora-clang, r-devel-windows-ix86+x86_64, r-release-windows-ix86+x86_64, r-release-osx-x86_64, r-oldrel-windows-ix86+x86_64, r-oldrel-osx-x86_64