CRAN Package Check Results for Package RcmdrPlugin.temis

Last updated on 2018-11-24 00:51:20 CET.

Flavor Version Tinstall Tcheck Ttotal Status Flags
r-devel-linux-x86_64-debian-clang 0.7.10 16.67 125.11 141.78 OK
r-devel-linux-x86_64-debian-gcc 0.7.10 13.86 98.76 112.62 OK
r-devel-linux-x86_64-fedora-clang 0.7.10 164.88 NOTE
r-devel-linux-x86_64-fedora-gcc 0.7.10 163.67 NOTE
r-devel-windows-ix86+x86_64 0.7.10 41.00 188.00 229.00 NOTE
r-patched-linux-x86_64 0.7.10 11.89 120.38 132.27 OK
r-patched-solaris-x86 0.7.10 261.00 NOTE
r-release-linux-x86_64 0.7.10 15.81 119.80 135.61 OK
r-release-windows-ix86+x86_64 0.7.10 58.00 201.00 259.00 NOTE
r-release-osx-x86_64 0.7.10 NOTE
r-oldrel-windows-ix86+x86_64 0.7.10 37.00 247.00 284.00 NOTE
r-oldrel-osx-x86_64 0.7.10 NOTE

Check Details

Version: 0.7.10
Check: package dependencies
Result: NOTE
    Package suggested but not available for checking: ‘ROpenOffice’
Flavors: r-devel-linux-x86_64-fedora-clang, r-devel-linux-x86_64-fedora-gcc, r-devel-windows-ix86+x86_64, r-patched-solaris-x86, r-release-windows-ix86+x86_64, r-release-osx-x86_64, r-oldrel-windows-ix86+x86_64, r-oldrel-osx-x86_64