CRAN Package Check Results for Package RcppCNPy

Last updated on 2018-11-24 00:51:20 CET.

Flavor Version Tinstall Tcheck Ttotal Status Flags
r-devel-linux-x86_64-debian-clang 0.2.10 17.40 57.00 74.40 OK
r-devel-linux-x86_64-debian-gcc 0.2.10 15.10 46.89 61.99 OK
r-devel-linux-x86_64-fedora-clang 0.2.10 95.86 WARN
r-devel-linux-x86_64-fedora-gcc 0.2.10 91.03 WARN
r-devel-windows-ix86+x86_64 0.2.10 63.00 146.00 209.00 OK
r-patched-linux-x86_64 0.2.10 19.21 55.46 74.67 OK
r-patched-solaris-x86 0.2.10 80.70 WARN
r-release-linux-x86_64 0.2.10 19.79 55.48 75.27 OK
r-release-windows-ix86+x86_64 0.2.10 59.00 136.00 195.00 OK
r-release-osx-x86_64 0.2.10 OK
r-oldrel-windows-ix86+x86_64 0.2.10 56.00 151.00 207.00 OK
r-oldrel-osx-x86_64 0.2.10 OK

Check Details

Version: 0.2.10
Check: re-building of vignette outputs
Result: WARN
    Error in re-building vignettes:
     ...
    tlmgr search --file --global '/lettrine.sty'
    Trying to automatically install missing LaTeX packages...
    tlmgr install lettrine
    tlmgr: package repository http://mirror.ox.ac.uk/sites/ctan.org/systems/texlive/tlnet (verified)
    tlmgr install: package already present: lettrine
    tlmgr path add
    add_link_dir_dir: /usr/local/share/info/dir exists; not making symlink.
    tlmgr search --file --global '/lettrine.sty'
    ! LaTeX Error: File `lettrine.sty' not found.
    
    ! Emergency stop.
    <read *>
    
    Error: processing vignette 'RcppCNPy-intro.Rmd' failed with diagnostics:
    Failed to compile RcppCNPy-intro.tex. See RcppCNPy-intro.log for more info.
    Execution halted
Flavors: r-devel-linux-x86_64-fedora-clang, r-devel-linux-x86_64-fedora-gcc

Version: 0.2.10
Check: re-building of vignette outputs
Result: WARN
    Error in re-building vignettes:
     ...
    Warning in engine$weave(file, quiet = quiet, encoding = enc) :
     Pandoc (>= 1.12.3) and/or pandoc-citeproc not available. Falling back to R Markdown v1.
    Quitting from lines 95-104 (RcppCNPy-intro.Rmd)
    Error: processing vignette 'RcppCNPy-intro.Rmd' failed with diagnostics:
    Python shared library '' not found, Python bindings not loaded.
    Execution halted
Flavor: r-patched-solaris-x86