CRAN Package Check Results for Package Rlof

Last updated on 2018-11-24 00:51:22 CET.

Flavor Version Tinstall Tcheck Ttotal Status Flags
r-devel-linux-x86_64-debian-clang 1.1.1 1.70 19.04 20.74 OK
r-devel-linux-x86_64-debian-gcc 1.1.1 1.34 15.37 16.71 OK
r-devel-linux-x86_64-fedora-clang 1.1.1 24.18 NOTE
r-devel-linux-x86_64-fedora-gcc 1.1.1 23.48 NOTE
r-devel-windows-ix86+x86_64 1.1.1 8.00 50.00 58.00 OK
r-patched-linux-x86_64 1.1.1 1.72 17.38 19.10 OK
r-patched-solaris-x86 1.1.1 35.60 OK
r-release-linux-x86_64 1.1.1 1.66 17.75 19.41 OK
r-release-windows-ix86+x86_64 1.1.1 8.00 52.00 60.00 OK
r-release-osx-x86_64 1.1.1 OK
r-oldrel-windows-ix86+x86_64 1.1.1 7.00 76.00 83.00 OK
r-oldrel-osx-x86_64 1.1.1 OK

Check Details

Version: 1.1.1
Check: compiled code
Result: NOTE
    File ‘Rlof/libs/Rlof.so’:
     Found no calls to: ‘R_registerRoutines’, ‘R_useDynamicSymbols’
    
    It is good practice to register native routines and to disable symbol
    search.
    
    See ‘Writing portable packages’ in the ‘Writing R Extensions’ manual.
Flavors: r-devel-linux-x86_64-fedora-clang, r-devel-linux-x86_64-fedora-gcc