CRAN Package Check Results for Package Rphylopars

Last updated on 2018-11-24 00:51:23 CET.

Flavor Version Tinstall Tcheck Ttotal Status Flags
r-devel-linux-x86_64-debian-clang 0.2.9 55.48 90.74 146.22 OK
r-devel-linux-x86_64-debian-gcc 0.2.9 45.17 71.13 116.30 OK
r-devel-linux-x86_64-fedora-clang 0.2.9 185.76 NOTE
r-devel-linux-x86_64-fedora-gcc 0.2.9 173.09 NOTE
r-devel-windows-ix86+x86_64 0.2.9 125.00 197.00 322.00 OK
r-patched-linux-x86_64 0.2.9 50.91 86.17 137.08 OK
r-patched-solaris-x86 0.2.9 225.60 OK
r-release-linux-x86_64 0.2.9 51.74 86.88 138.62 OK
r-release-windows-ix86+x86_64 0.2.9 131.00 210.00 341.00 OK
r-release-osx-x86_64 0.2.9 OK
r-oldrel-windows-ix86+x86_64 0.2.9 122.00 212.00 334.00 OK
r-oldrel-osx-x86_64 0.2.9 OK

Check Details

Version: 0.2.9
Check: compiled code
Result: NOTE
    File ‘Rphylopars/libs/Rphylopars.so’:
     Found no calls to: ‘R_registerRoutines’, ‘R_useDynamicSymbols’
    
    It is good practice to register native routines and to disable symbol
    search.
    
    See ‘Writing portable packages’ in the ‘Writing R Extensions’ manual.
Flavors: r-devel-linux-x86_64-fedora-clang, r-devel-linux-x86_64-fedora-gcc