Last updated on 2018-11-24 00:51:25 CET.
Flavor | Version | Tinstall | Tcheck | Ttotal | Status | Flags |
---|---|---|---|---|---|---|
r-devel-linux-x86_64-debian-clang | 1.4.0 | 6.49 | 79.23 | 85.72 | OK | |
r-devel-linux-x86_64-debian-gcc | 1.4.0 | 6.06 | 61.98 | 68.04 | OK | |
r-devel-linux-x86_64-fedora-clang | 1.4.0 | 101.80 | OK | |||
r-devel-linux-x86_64-fedora-gcc | 1.4.0 | 96.90 | OK | |||
r-devel-windows-ix86+x86_64 | 1.4.0 | 17.00 | 118.00 | 135.00 | OK | |
r-patched-linux-x86_64 | 1.4.0 | 5.17 | 75.23 | 80.40 | OK | |
r-patched-solaris-x86 | 1.4.0 | 121.60 | OK | |||
r-release-linux-x86_64 | 1.4.0 | 7.95 | 76.14 | 84.09 | OK | |
r-release-windows-ix86+x86_64 | 1.4.0 | 16.00 | 120.00 | 136.00 | OK | |
r-release-osx-x86_64 | 1.4.0 | OK | ||||
r-oldrel-windows-ix86+x86_64 | 1.3.0 | 7.00 | 128.00 | 135.00 | OK | |
r-oldrel-osx-x86_64 | 1.4.0 | ERROR |
Version: 1.4.0
Check: whether package can be installed
Result: ERROR
Installation failed.
Flavor: r-oldrel-osx-x86_64