CRAN Package Check Results for Package SIRE

Last updated on 2018-11-24 00:51:25 CET.

Flavor Version Tinstall Tcheck Ttotal Status Flags
r-devel-linux-x86_64-debian-clang 1.0.2 2.15 26.31 28.46 OK
r-devel-linux-x86_64-debian-gcc 1.0.2 1.77 20.96 22.73 OK
r-devel-linux-x86_64-fedora-clang 1.0.2 33.41 NOTE
r-devel-linux-x86_64-fedora-gcc 1.0.2 32.82 NOTE
r-devel-windows-ix86+x86_64 1.0.2 5.00 53.00 58.00 OK
r-patched-linux-x86_64 1.0.2 2.13 24.77 26.90 OK
r-patched-solaris-x86 1.0.2 51.20 NOTE
r-release-linux-x86_64 1.0.2 1.44 24.98 26.42 OK
r-release-windows-ix86+x86_64 1.0.2 6.00 54.00 60.00 OK
r-release-osx-x86_64 1.0.2 NOTE
r-oldrel-windows-ix86+x86_64 1.0.2 5.00 58.00 63.00 OK
r-oldrel-osx-x86_64 1.0.2 NOTE

Check Details

Version: 1.0.2
Check: dependencies in R code
Result: NOTE
    Namespace in Imports field not imported from: ‘MASS’
     All declared Imports should be used.
Flavors: r-devel-linux-x86_64-fedora-clang, r-devel-linux-x86_64-fedora-gcc, r-patched-solaris-x86, r-release-osx-x86_64, r-oldrel-osx-x86_64