CRAN Package Check Results for Package SanzCircos

Last updated on 2018-11-24 00:51:24 CET.

Flavor Version Tinstall Tcheck Ttotal Status Flags
r-devel-linux-x86_64-debian-clang 0.1.0 2.68 34.32 37.00 OK
r-devel-linux-x86_64-debian-gcc 0.1.0 2.42 27.29 29.71 OK
r-devel-linux-x86_64-fedora-clang 0.1.0 43.72 NOTE
r-devel-linux-x86_64-fedora-gcc 0.1.0 41.57 NOTE
r-devel-windows-ix86+x86_64 0.1.0 7.00 64.00 71.00 OK
r-patched-linux-x86_64 0.1.0 2.68 31.81 34.49 OK
r-patched-solaris-x86 0.1.0 76.80 NOTE
r-release-linux-x86_64 0.1.0 2.48 32.12 34.60 OK
r-release-windows-ix86+x86_64 0.1.0 8.00 48.00 56.00 OK
r-release-osx-x86_64 0.1.0 NOTE
r-oldrel-windows-ix86+x86_64 0.1.0 10.00 71.00 81.00 OK
r-oldrel-osx-x86_64 0.1.0 NOTE

Check Details

Version: 0.1.0
Check: dependencies in R code
Result: NOTE
    Namespaces in Imports field not imported from:
     ‘purrr’ ‘tidyr’
     All declared Imports should be used.
Flavors: r-devel-linux-x86_64-fedora-clang, r-devel-linux-x86_64-fedora-gcc, r-patched-solaris-x86, r-release-osx-x86_64, r-oldrel-osx-x86_64