Last updated on 2018-11-24 00:51:25 CET.
Flavor | Version | Tinstall | Tcheck | Ttotal | Status | Flags |
---|---|---|---|---|---|---|
r-devel-linux-x86_64-debian-clang | 1.2.0 | 4.24 | 139.07 | 143.31 | OK | |
r-devel-linux-x86_64-debian-gcc | 1.2.0 | 3.50 | 104.00 | 107.50 | OK | |
r-devel-linux-x86_64-fedora-clang | 1.2.0 | 165.15 | NOTE | |||
r-devel-linux-x86_64-fedora-gcc | 1.2.0 | 166.05 | NOTE | |||
r-devel-windows-ix86+x86_64 | 1.2.0 | 11.00 | 207.00 | 218.00 | OK | |
r-patched-linux-x86_64 | 1.2.0 | 3.67 | 147.15 | 150.82 | OK | |
r-patched-solaris-x86 | 1.2.0 | 229.50 | NOTE | |||
r-release-linux-x86_64 | 1.2.0 | 5.40 | 147.14 | 152.54 | OK | |
r-release-windows-ix86+x86_64 | 1.2.0 | 11.00 | 196.00 | 207.00 | OK | |
r-release-osx-x86_64 | 1.2.0 | NOTE | ||||
r-oldrel-windows-ix86+x86_64 | 1.2.0 | 8.00 | 252.00 | 260.00 | OK | |
r-oldrel-osx-x86_64 | 1.2.0 | NOTE |
Version: 1.2.0
Check: dependencies in R code
Result: NOTE
Namespace in Imports field not imported from: ‘methods’
All declared Imports should be used.
Flavors: r-devel-linux-x86_64-fedora-clang, r-devel-linux-x86_64-fedora-gcc, r-patched-solaris-x86, r-release-osx-x86_64, r-oldrel-osx-x86_64