CRAN Package Check Results for Package SubgrPlots

Last updated on 2018-11-24 00:51:27 CET.

Flavor Version Tinstall Tcheck Ttotal Status Flags
r-devel-linux-x86_64-debian-clang 0.1.0 20.88 138.32 159.20 OK
r-devel-linux-x86_64-debian-gcc 0.1.0 16.76 104.61 121.37 OK
r-devel-linux-x86_64-fedora-clang 0.1.0 189.13 NOTE
r-devel-linux-x86_64-fedora-gcc 0.1.0 186.98 NOTE
r-devel-windows-ix86+x86_64 0.1.0 43.00 132.00 175.00 OK
r-patched-linux-x86_64 0.1.0 20.56 133.23 153.79 OK
r-patched-solaris-x86 0.1.0 247.80 NOTE
r-release-linux-x86_64 0.1.0 24.94 132.60 157.54 OK
r-release-windows-ix86+x86_64 0.1.0 41.00 170.00 211.00 OK
r-release-osx-x86_64 0.1.0 NOTE
r-oldrel-windows-ix86+x86_64 0.1.0 20.00 190.00 210.00 OK
r-oldrel-osx-x86_64 0.1.0 NOTE

Check Details

Version: 0.1.0
Check: dependencies in R code
Result: NOTE
    Namespaces in Imports field not imported from:
     ‘UpSetR’ ‘alluvial’ ‘geoR’ ‘gridBase’
     All declared Imports should be used.
Flavors: r-devel-linux-x86_64-fedora-clang, r-devel-linux-x86_64-fedora-gcc, r-patched-solaris-x86, r-release-osx-x86_64, r-oldrel-osx-x86_64