CRAN Package Check Results for Package Surrogate

Last updated on 2018-11-24 00:51:27 CET.

Flavor Version Tinstall Tcheck Ttotal Status Flags
r-devel-linux-x86_64-debian-clang 1.1 32.91 207.84 240.75 OK
r-devel-linux-x86_64-debian-gcc 1.1 23.47 158.01 181.48 OK
r-devel-linux-x86_64-fedora-clang 1.1 278.66 NOTE
r-devel-linux-x86_64-fedora-gcc 1.1 281.32 NOTE
r-devel-windows-ix86+x86_64 1.1 62.00 188.00 250.00 OK
r-patched-linux-x86_64 1.1 29.65 202.59 232.24 OK
r-patched-solaris-x86 1.1 378.70 NOTE
r-release-linux-x86_64 1.1 28.79 202.44 231.23 OK
r-release-windows-ix86+x86_64 1.1 62.00 257.00 319.00 OK
r-release-osx-x86_64 1.1 NOTE
r-oldrel-windows-ix86+x86_64 1.1 27.00 296.00 323.00 OK
r-oldrel-osx-x86_64 1.1 NOTE

Check Details

Version: 1.1
Check: dependencies in R code
Result: NOTE
    Namespace in Imports field not imported from: ‘rootSolve’
     All declared Imports should be used.
Flavors: r-devel-linux-x86_64-fedora-clang, r-devel-linux-x86_64-fedora-gcc, r-patched-solaris-x86, r-release-osx-x86_64, r-oldrel-osx-x86_64