Last updated on 2018-11-24 00:51:29 CET.
Flavor | Version | Tinstall | Tcheck | Ttotal | Status | Flags |
---|---|---|---|---|---|---|
r-devel-linux-x86_64-debian-clang | 0.1.0 | 3.41 | 54.19 | 57.60 | OK | |
r-devel-linux-x86_64-debian-gcc | 0.1.0 | 2.89 | 41.89 | 44.78 | OK | |
r-devel-linux-x86_64-fedora-clang | 0.1.0 | 67.77 | NOTE | |||
r-devel-linux-x86_64-fedora-gcc | 0.1.0 | 64.99 | NOTE | |||
r-devel-windows-ix86+x86_64 | 0.1.0 | 13.00 | 63.00 | 76.00 | OK | |
r-patched-linux-x86_64 | 0.1.0 | 3.81 | 50.62 | 54.43 | OK | |
r-patched-solaris-x86 | 0.1.0 | 103.00 | NOTE | |||
r-release-linux-x86_64 | 0.1.0 | 4.16 | 50.94 | 55.10 | OK | |
r-release-windows-ix86+x86_64 | 0.1.0 | 11.00 | 94.00 | 105.00 | OK | |
r-release-osx-x86_64 | 0.1.0 | NOTE | ||||
r-oldrel-windows-ix86+x86_64 | 0.1.0 | 14.00 | 114.00 | 128.00 | OK | |
r-oldrel-osx-x86_64 | 0.1.0 | NOTE |
Version: 0.1.0
Check: dependencies in R code
Result: NOTE
Namespace in Imports field not imported from: ‘qpcR’
All declared Imports should be used.
Flavors: r-devel-linux-x86_64-fedora-clang, r-devel-linux-x86_64-fedora-gcc, r-patched-solaris-x86, r-release-osx-x86_64, r-oldrel-osx-x86_64