CRAN Package Check Results for Package TwoSampleTest.HD

Last updated on 2018-11-24 00:51:29 CET.

Flavor Version Tinstall Tcheck Ttotal Status Flags
r-devel-linux-x86_64-debian-clang 1.0 1.60 21.78 23.38 OK
r-devel-linux-x86_64-debian-gcc 1.0 1.09 17.27 18.36 OK
r-devel-linux-x86_64-fedora-clang 1.0 27.22 OK
r-devel-linux-x86_64-fedora-gcc 1.0 26.17 OK
r-devel-windows-ix86+x86_64 1.0 4.00 41.00 45.00 OK
r-patched-linux-x86_64 1.0 1.38 20.24 21.62 OK
r-patched-solaris-x86 1.0 39.20 OK
r-release-linux-x86_64 1.0 1.16 20.29 21.45 OK
r-release-windows-ix86+x86_64 1.0 5.00 48.00 53.00 OK
r-release-osx-x86_64 1.0 OK
r-oldrel-osx-x86_64 1.0 ERROR

Check Details

Version: 1.0
Check: whether package can be installed
Result: ERROR
    Installation failed.
Flavor: r-oldrel-osx-x86_64