CRAN Package Check Results for Package adaptiveGPCA

Last updated on 2018-11-24 00:50:57 CET.

Flavor Version Tinstall Tcheck Ttotal Status Flags
r-devel-linux-x86_64-debian-clang 0.1.2 0.59 2.36 2.95 ERROR
r-devel-linux-x86_64-debian-gcc 0.1.2 13.63 175.89 189.52 OK
r-devel-linux-x86_64-fedora-clang 0.1.2 274.05 OK
r-devel-linux-x86_64-fedora-gcc 0.1.2 271.71 OK
r-devel-windows-ix86+x86_64 0.1.2 34.00 289.00 323.00 OK
r-patched-linux-x86_64 0.1.2 12.56 214.81 227.37 OK
r-patched-solaris-x86 0.1.2 408.80 OK
r-release-linux-x86_64 0.1.2 13.66 213.61 227.27 OK
r-release-windows-ix86+x86_64 0.1.2 35.00 205.00 240.00 OK
r-release-osx-x86_64 0.1.2 OK
r-oldrel-windows-ix86+x86_64 0.1.2 36.00 283.00 319.00 OK
r-oldrel-osx-x86_64 0.1.2 OK

Check Details

Version: 0.1.2
Check: package dependencies
Result: ERROR
    Package required but not available: ‘phyloseq’
    
    See section ‘The DESCRIPTION file’ in the ‘Writing R Extensions’
    manual.
Flavor: r-devel-linux-x86_64-debian-clang