Last updated on 2018-11-24 00:50:57 CET.
Flavor | Version | Tinstall | Tcheck | Ttotal | Status | Flags |
---|---|---|---|---|---|---|
r-devel-linux-x86_64-debian-clang | 1.7-13 | 40.61 | 244.94 | 285.55 | OK | |
r-devel-linux-x86_64-debian-gcc | 1.7-13 | 29.07 | 185.19 | 214.26 | OK | |
r-devel-linux-x86_64-fedora-clang | 1.7-13 | 331.30 | NOTE | |||
r-devel-linux-x86_64-fedora-gcc | 1.7-13 | 324.88 | OK | |||
r-devel-windows-ix86+x86_64 | 1.7-13 | 88.00 | 413.00 | 501.00 | NOTE | |
r-patched-linux-x86_64 | 1.7-13 | 35.20 | 243.07 | 278.27 | OK | |
r-patched-solaris-x86 | 1.7-13 | 418.40 | NOTE | |||
r-release-linux-x86_64 | 1.7-13 | 34.66 | 244.21 | 278.87 | OK | |
r-release-windows-ix86+x86_64 | 1.7-13 | 92.00 | 400.00 | 492.00 | NOTE | |
r-release-osx-x86_64 | 1.7-13 | NOTE | ||||
r-oldrel-windows-ix86+x86_64 | 1.7-13 | 56.00 | 459.00 | 515.00 | NOTE | |
r-oldrel-osx-x86_64 | 1.7-13 | NOTE |
Version: 1.7-13
Check: installed package size
Result: NOTE
installed size is 7.7Mb
sub-directories of 1Mb or more:
R 1.4Mb
data 2.8Mb
pictures 2.1Mb
Flavors: r-devel-linux-x86_64-fedora-clang, r-devel-windows-ix86+x86_64, r-patched-solaris-x86, r-release-windows-ix86+x86_64, r-release-osx-x86_64, r-oldrel-windows-ix86+x86_64, r-oldrel-osx-x86_64