Last updated on 2018-11-24 00:50:57 CET.
Flavor | Version | Tinstall | Tcheck | Ttotal | Status | Flags |
---|---|---|---|---|---|---|
r-devel-linux-x86_64-debian-clang | 0.8.0 | 5.02 | 52.42 | 57.44 | OK | |
r-devel-linux-x86_64-debian-gcc | 0.8.0 | 3.94 | 40.43 | 44.37 | OK | |
r-devel-linux-x86_64-fedora-clang | 0.8.0 | 65.06 | NOTE | |||
r-devel-linux-x86_64-fedora-gcc | 0.8.0 | 61.50 | NOTE | |||
r-devel-windows-ix86+x86_64 | 0.8.0 | 15.00 | 60.00 | 75.00 | OK | |
r-patched-linux-x86_64 | 0.8.0 | 3.90 | 47.80 | 51.70 | OK | |
r-patched-solaris-x86 | 0.8.0 | 95.60 | NOTE | |||
r-release-linux-x86_64 | 0.8.0 | 4.39 | 48.08 | 52.47 | OK | |
r-release-windows-ix86+x86_64 | 0.8.0 | 13.00 | 60.00 | 73.00 | OK | |
r-release-osx-x86_64 | 0.8.0 | NOTE | ||||
r-oldrel-windows-ix86+x86_64 | 0.8.0 | 14.00 | 88.00 | 102.00 | OK | |
r-oldrel-osx-x86_64 | 0.8.0 | NOTE |
Version: 0.8.0
Check: data for non-ASCII characters
Result: NOTE
Note: found 52 marked UTF-8 strings
Flavors: r-devel-linux-x86_64-fedora-clang, r-devel-linux-x86_64-fedora-gcc, r-patched-solaris-x86, r-release-osx-x86_64, r-oldrel-osx-x86_64