CRAN Package Check Results for Package aoristic

Last updated on 2018-11-24 00:50:58 CET.

Flavor Version Tinstall Tcheck Ttotal Status Flags
r-devel-linux-x86_64-debian-clang 0.6 12.68 174.27 186.95 NOTE
r-devel-linux-x86_64-debian-gcc 0.6 13.18 139.62 152.80 NOTE
r-devel-linux-x86_64-fedora-clang 0.6 218.28 NOTE
r-devel-linux-x86_64-fedora-gcc 0.6 214.39 NOTE
r-devel-windows-ix86+x86_64 0.6 46.00 178.00 224.00 NOTE
r-patched-linux-x86_64 0.6 12.49 167.34 179.83 NOTE
r-patched-solaris-x86 0.6 354.00 NOTE
r-release-linux-x86_64 0.6 11.95 167.28 179.23 NOTE
r-release-windows-ix86+x86_64 0.6 37.00 195.00 232.00 NOTE
r-release-osx-x86_64 0.6 NOTE
r-oldrel-windows-ix86+x86_64 0.6 45.00 262.00 307.00 WARN
r-oldrel-osx-x86_64 0.6 NOTE

Check Details

Version: 0.6
Check: DESCRIPTION meta-information
Result: NOTE
    Malformed Description field: should contain one or more complete sentences.
Flavors: r-devel-linux-x86_64-debian-clang, r-devel-linux-x86_64-debian-gcc, r-devel-linux-x86_64-fedora-clang, r-devel-linux-x86_64-fedora-gcc, r-devel-windows-ix86+x86_64, r-patched-linux-x86_64, r-patched-solaris-x86, r-release-linux-x86_64, r-release-windows-ix86+x86_64, r-release-osx-x86_64, r-oldrel-windows-ix86+x86_64, r-oldrel-osx-x86_64

Version: 0.6
Check: R code for possible problems
Result: NOTE
    aoristic.all.graph: no visible global function definition for
     ‘aggregate’
    aoristic.density: no visible global function definition for ‘as’
    aoristic.density: no visible global function definition for
     ‘contourLines’
    aoristic.density: no visible global function definition for ‘quantile’
    aoristic.density: no visible global function definition for ‘aggregate’
    aoristic.density: no visible global function definition for ‘slot’
    aoristic.density : <anonymous>: no visible global function definition
     for ‘as’
    aoristic.density : <anonymous>: no visible global function definition
     for ‘slot’
    aoristic.density: no visible global function definition for ‘png’
    aoristic.density: no visible global function definition for ‘par’
    aoristic.density: no visible global function definition for
     ‘colorRampPalette’
    aoristic.density: no visible global function definition for ‘image’
    aoristic.density: no visible global function definition for ‘dev.off’
    aoristic.density: no visible global function definition for ‘browseURL’
    aoristic.grid: no visible global function definition for ‘as’
    aoristic.grid: no visible global function definition for ‘aggregate’
    aoristic.grid: no visible global function definition for ‘slot’
    aoristic.grid : <anonymous>: no visible global function definition for
     ‘as’
    aoristic.grid : <anonymous>: no visible global function definition for
     ‘slot’
    aoristic.grid: no visible global function definition for ‘browseURL’
    aoristic.shp: no visible global function definition for ‘aggregate’
    aoristic.shp: no visible global function definition for ‘slot’
    aoristic.shp : <anonymous>: no visible global function definition for
     ‘as’
    aoristic.shp : <anonymous>: no visible global function definition for
     ‘slot’
    aoristic.shp: no visible global function definition for ‘browseURL’
    Undefined global functions or variables:
     aggregate as browseURL colorRampPalette contourLines dev.off image
     par png quantile slot
    Consider adding
     importFrom("grDevices", "colorRampPalette", "contourLines", "dev.off",
     "png")
     importFrom("graphics", "image", "par")
     importFrom("methods", "as", "slot")
     importFrom("stats", "aggregate", "quantile")
     importFrom("utils", "browseURL")
    to your NAMESPACE file (and ensure that your DESCRIPTION Imports field
    contains 'methods').
Flavors: r-devel-linux-x86_64-debian-clang, r-devel-linux-x86_64-debian-gcc, r-devel-linux-x86_64-fedora-clang, r-devel-linux-x86_64-fedora-gcc, r-devel-windows-ix86+x86_64, r-patched-linux-x86_64, r-patched-solaris-x86, r-release-linux-x86_64, r-release-windows-ix86+x86_64, r-release-osx-x86_64, r-oldrel-windows-ix86+x86_64, r-oldrel-osx-x86_64

Version: 0.6
Check: whether package can be installed
Result: WARN
    Found the following significant warnings:
     Warning: S3 methods '[.fun_list', '[.grouped_df', 'all.equal.tbl_df', 'anti_join.data.frame', 'anti_join.tbl_df', 'arrange.data.frame', 'arrange.default', 'arrange.grouped_df', 'arrange.tbl_df', 'arrange_.data.frame', 'arrange_.tbl_df', 'as.data.frame.grouped_df', 'as.data.frame.rowwise_df', 'as.data.frame.tbl_cube', 'as.table.tbl_cube', 'as.tbl.data.frame', 'as.tbl.tbl', 'as.tbl_cube.array', 'as.tbl_cube.data.frame', 'as.tbl_cube.matrix', 'as.tbl_cube.table', 'as_tibble.grouped_df', 'as_tibble.tbl_cube', 'auto_copy.tbl_cube', 'auto_copy.tbl_df', 'cbind.grouped_df', 'collapse.data.frame', 'collect.data.frame', 'common_by.NULL', 'common_by.character', 'common_by.default', 'common_by.list', 'compute.data.frame', 'copy_to.DBIConnection', 'copy_to.src_local', 'default_missing.data.frame', 'default_missing.default', 'dim.tbl_cube', 'distinct.data.frame', 'distinct.default', 'distinct.grouped_df', 'distinct.tbl_df', 'distinct_.data.frame', 'distinct_.grouped_df', 'distinct_.tbl_df', 'do.NULL', 'do.da [... truncated]
Flavor: r-oldrel-windows-ix86+x86_64