CRAN Package Check Results for Package aqp

Last updated on 2018-11-24 00:50:58 CET.

Flavor Version Tinstall Tcheck Ttotal Status Flags
r-devel-linux-x86_64-debian-clang 1.16-3 11.05 146.15 157.20 OK
r-devel-linux-x86_64-debian-gcc 1.16-3 7.65 113.68 121.33 OK
r-devel-linux-x86_64-fedora-clang 1.16-3 185.37 OK
r-devel-linux-x86_64-fedora-gcc 1.16-3 178.05 OK
r-devel-windows-ix86+x86_64 1.16-3 24.00 149.00 173.00 WARN
r-patched-linux-x86_64 1.16-3 10.58 140.10 150.68 OK
r-patched-solaris-x86 1.16-3 265.80 OK
r-release-linux-x86_64 1.16-3 9.76 138.77 148.53 OK
r-release-windows-ix86+x86_64 1.16-3 29.00 162.00 191.00 WARN
r-release-osx-x86_64 1.16-3 OK
r-oldrel-windows-ix86+x86_64 1.16-3 24.00 226.00 250.00 WARN
r-oldrel-osx-x86_64 1.16-3 OK

Check Details

Version: 1.16-3
Check: whether package can be installed
Result: WARN
    Found the following significant warnings:
     Warning: S3 methods '[.fun_list', '[.grouped_df', 'all.equal.tbl_df', 'anti_join.data.frame', 'anti_join.tbl_df', 'arrange.data.frame', 'arrange.default', 'arrange.grouped_df', 'arrange.tbl_df', 'arrange_.data.frame', 'arrange_.tbl_df', 'as.data.frame.grouped_df', 'as.data.frame.rowwise_df', 'as.data.frame.tbl_cube', 'as.table.tbl_cube', 'as.tbl.data.frame', 'as.tbl.tbl', 'as.tbl_cube.array', 'as.tbl_cube.data.frame', 'as.tbl_cube.matrix', 'as.tbl_cube.table', 'as_tibble.grouped_df', 'as_tibble.tbl_cube', 'auto_copy.tbl_cube', 'auto_copy.tbl_df', 'cbind.grouped_df', 'collapse.data.frame', 'collect.data.frame', 'common_by.NULL', 'common_by.character', 'common_by.default', 'common_by.list', 'compute.data.frame', 'copy_to.DBIConnection', 'copy_to.src_local', 'default_missing.data.frame', 'default_missing.default', 'dim.tbl_cube', 'distinct.data.frame', 'distinct.default', 'distinct.grouped_df', 'distinct.tbl_df', 'distinct_.data.frame', 'distinct_.grouped_df', 'distinct_.tbl_df', 'do.NULL', 'do.da [... truncated]
Flavors: r-devel-windows-ix86+x86_64, r-release-windows-ix86+x86_64, r-oldrel-windows-ix86+x86_64