Last updated on 2018-11-24 00:50:58 CET.
Flavor | Version | Tinstall | Tcheck | Ttotal | Status | Flags |
---|---|---|---|---|---|---|
r-devel-linux-x86_64-debian-clang | 0.3.0 | 4.76 | 68.21 | 72.97 | OK | |
r-devel-linux-x86_64-debian-gcc | 0.3.0 | 3.75 | 55.60 | 59.35 | OK | |
r-devel-linux-x86_64-fedora-clang | 0.3.0 | 85.80 | NOTE | |||
r-devel-linux-x86_64-fedora-gcc | 0.3.0 | 83.24 | NOTE | |||
r-devel-windows-ix86+x86_64 | 0.3.0 | 13.00 | 84.00 | 97.00 | OK | |
r-patched-linux-x86_64 | 0.3.0 | 5.28 | 65.15 | 70.43 | OK | |
r-patched-solaris-x86 | 0.3.0 | 125.40 | NOTE | |||
r-release-linux-x86_64 | 0.3.0 | 5.15 | 63.94 | 69.09 | OK | |
r-release-windows-ix86+x86_64 | 0.3.0 | 11.00 | 95.00 | 106.00 | OK | |
r-release-osx-x86_64 | 0.3.0 | NOTE | ||||
r-oldrel-windows-ix86+x86_64 | 0.3.0 | 12.00 | 133.00 | 145.00 | OK | |
r-oldrel-osx-x86_64 | 0.3.0 | NOTE |
Version: 0.3.0
Check: data for non-ASCII characters
Result: NOTE
Note: found 552 marked UTF-8 strings
Flavors: r-devel-linux-x86_64-fedora-clang, r-devel-linux-x86_64-fedora-gcc, r-patched-solaris-x86, r-release-osx-x86_64, r-oldrel-osx-x86_64