Last updated on 2018-11-24 00:50:58 CET.
Flavor | Version | Tinstall | Tcheck | Ttotal | Status | Flags |
---|---|---|---|---|---|---|
r-devel-linux-x86_64-debian-clang | 1.3 | 3.12 | 47.13 | 50.25 | NOTE | |
r-devel-linux-x86_64-debian-gcc | 1.3 | 2.27 | 36.72 | 38.99 | NOTE | |
r-devel-linux-x86_64-fedora-clang | 1.3 | 58.45 | NOTE | |||
r-devel-linux-x86_64-fedora-gcc | 1.3 | 56.20 | NOTE | |||
r-devel-windows-ix86+x86_64 | 1.3 | 7.00 | 75.00 | 82.00 | NOTE | |
r-patched-linux-x86_64 | 1.3 | 2.96 | 43.61 | 46.57 | NOTE | |
r-patched-solaris-x86 | 1.3 | 80.30 | NOTE | |||
r-release-linux-x86_64 | 1.3 | 2.42 | 43.22 | 45.64 | NOTE | |
r-release-windows-ix86+x86_64 | 1.3 | 8.00 | 75.00 | 83.00 | NOTE | |
r-release-osx-x86_64 | 1.3 | NOTE | ||||
r-oldrel-windows-ix86+x86_64 | 1.3 | 4.00 | 78.00 | 82.00 | NOTE | |
r-oldrel-osx-x86_64 | 1.3 | NOTE |
Version: 1.3
Check: R code for possible problems
Result: NOTE
autopls: no visible global function definition for ‘model.response’
autopls: no visible global function definition for ‘model.matrix’
autopls: no visible binding for global variable ‘var’
autopls : ac: no visible global function definition for ‘cor’
autopls : ac: no visible global function definition for ‘median’
autopls : tryaround: no visible global function definition for ‘sd’
autopls: no visible global function definition for ‘coef’
autopls: no visible global function definition for ‘flush.console’
coef.autopls: no visible global function definition for ‘coef’
plot.autopls : ovpplot: no visible global function definition for ‘par’
plot.autopls : ovpplot: no visible global function definition for
‘fitted’
plot.autopls : ovpplot: no visible global function definition for
‘axis’
plot.autopls : ovpplot: no visible global function definition for
‘mtext’
plot.autopls : ovpplot: no visible global function definition for
‘points’
plot.autopls : ovpplot: no visible global function definition for ‘lm’
plot.autopls : ovpplot: no visible global function definition for
‘text’
plot.autopls : ovpplot: no visible global function definition for
‘legend’
plot.autopls : ovpplot: no visible global function definition for ‘box’
plot.autopls : ovpplot: no visible global function definition for
‘clip’
plot.autopls : ovpplot: no visible global function definition for
‘abline’
plot.autopls : ovpplot.testset: no visible global function definition
for ‘par’
plot.autopls : ovpplot.testset: no visible global function definition
for ‘predict’
plot.autopls : ovpplot.testset: no visible global function definition
for ‘axis’
plot.autopls : ovpplot.testset: no visible global function definition
for ‘mtext’
plot.autopls : ovpplot.testset: no visible global function definition
for ‘points’
plot.autopls : ovpplot.testset: no visible global function definition
for ‘text’
plot.autopls : ovpplot.testset: no visible global function definition
for ‘lm’
plot.autopls : ovpplot.testset: no visible global function definition
for ‘legend’
plot.autopls : ovpplot.testset: no visible global function definition
for ‘box’
plot.autopls : ovpplot.testset: no visible global function definition
for ‘clip’
plot.autopls : ovpplot.testset: no visible global function definition
for ‘abline’
plot.autopls : rmseplot: no visible global function definition for
‘par’
plot.autopls : rmseplot: no visible global function definition for
‘lines’
plot.autopls : rmseplot: no visible global function definition for
‘grey’
plot.autopls : rmseplot: no visible global function definition for
‘points’
plot.autopls : rmseplot: no visible global function definition for
‘barplot’
plot.autopls : rmseplot: no visible global function definition for
‘axis’
plot.autopls : rmseplot: no visible global function definition for
‘mtext’
plot.autopls : rmseplot: no visible global function definition for
‘box’
plot.autopls : rmseplot: no visible global function definition for
‘legend’
plot.autopls : rmseplot.testset: no visible global function definition
for ‘par’
plot.autopls : rmseplot.testset: no visible global function definition
for ‘lines’
plot.autopls : rmseplot.testset: no visible global function definition
for ‘grey’
plot.autopls : rmseplot.testset: no visible global function definition
for ‘points’
plot.autopls : rmseplot.testset: no visible global function definition
for ‘barplot’
plot.autopls : rmseplot.testset: no visible global function definition
for ‘axis’
plot.autopls : rmseplot.testset: no visible global function definition
for ‘mtext’
plot.autopls : rmseplot.testset: no visible global function definition
for ‘box’
plot.autopls : rmseplot.testset: no visible global function definition
for ‘legend’
plot.autopls : rcplot: no visible global function definition for ‘coef’
plot.autopls : rcplot: no visible global function definition for ‘par’
plot.autopls : rcplot: no visible global function definition for
‘title’
plot.autopls : rcplot: no visible global function definition for ‘rect’
plot.autopls : rcplot: no visible global function definition for
‘axTicks’
plot.autopls : rcplot: no visible global function definition for ‘grey’
plot.autopls : rcplot: no visible global function definition for
‘lines’
plot.autopls : rcplot: no visible global function definition for ‘axis’
plot.autopls : rcplot: no visible global function definition for
‘mtext’
plot.autopls : rcplot: no visible global function definition for
‘points’
plot.autopls : rcplot: no visible global function definition for ‘box’
plot.autopls : rcplot: no visible global function definition for
‘legend’
plot.autopls : x.influence: no visible global function definition for
‘par’
plot.autopls : x.influence: no visible global function definition for
‘text’
plot.autopls : x.influence: no visible global function definition for
‘points’
plot.autopls : y.influence: no visible global function definition for
‘residuals’
plot.autopls : y.influence: no visible global function definition for
‘par’
plot.autopls : y.influence: no visible global function definition for
‘text’
plot.autopls : y.influence: no visible global function definition for
‘points’
plot.autopls : metaplot: no visible global function definition for
‘par’
plot.autopls : metaplot: no visible global function definition for
‘rect’
plot.autopls : metaplot: no visible global function definition for
‘lines’
plot.autopls : metaplot: no visible global function definition for
‘grey’
plot.autopls : metaplot: no visible global function definition for
‘points’
plot.autopls : metaplot: no visible global function definition for
‘text’
plot.autopls : metaplot: no visible global function definition for
‘axis’
plot.autopls : metaplot: no visible global function definition for
‘mtext’
plot.autopls : metaplot: no visible global function definition for
‘box’
plot.autopls : pL: no visible global function definition for
‘as.graphicsAnnot’
plot.autopls : pL: no visible global function definition for ‘par’
plot.autopls : pL: no visible global function definition for
‘xy.coords’
plot.autopls : pL: no visible global function definition for ‘strwidth’
plot.autopls : pL: no visible global function definition for
‘strheight’
plot.autopls : pL : SANN: no visible global function definition for
‘runif’
plot.autopls: no visible global function definition for ‘dev.new’
plot.autopls: no visible global function definition for ‘devAskNewPage’
predict.autopls: no visible global function definition for ‘coef’
predict.autopls: no visible global function definition for
‘txtProgressBar’
predict.autopls: no visible global function definition for
‘setTxtProgressBar’
predict.slim: no visible global function definition for ‘coef’
predict.slim: no visible global function definition for
‘txtProgressBar’
predict.slim: no visible global function definition for
‘setTxtProgressBar’
repeatedCV: no visible global function definition for ‘sd’
residuals.autopls: no visible global function definition for
‘residuals’
slim: no visible global function definition for ‘coef’
Undefined global functions or variables:
abline as.graphicsAnnot axTicks axis barplot box clip coef cor
dev.new devAskNewPage fitted flush.console grey legend lines lm
median model.matrix model.response mtext par points predict rect
residuals runif sd setTxtProgressBar strheight strwidth text title
txtProgressBar var xy.coords
Consider adding
importFrom("grDevices", "as.graphicsAnnot", "dev.new", "devAskNewPage",
"grey", "xy.coords")
importFrom("graphics", "abline", "axTicks", "axis", "barplot", "box",
"clip", "legend", "lines", "mtext", "par", "points", "rect",
"strheight", "strwidth", "text", "title")
importFrom("stats", "coef", "cor", "fitted", "lm", "median",
"model.matrix", "model.response", "predict", "residuals",
"runif", "sd", "var")
importFrom("utils", "flush.console", "setTxtProgressBar",
"txtProgressBar")
to your NAMESPACE file.
Flavors: r-devel-linux-x86_64-debian-clang, r-devel-linux-x86_64-debian-gcc, r-devel-linux-x86_64-fedora-clang, r-devel-linux-x86_64-fedora-gcc, r-devel-windows-ix86+x86_64, r-patched-linux-x86_64, r-patched-solaris-x86, r-release-linux-x86_64, r-release-windows-ix86+x86_64, r-release-osx-x86_64, r-oldrel-windows-ix86+x86_64, r-oldrel-osx-x86_64
Version: 1.3
Check: package dependencies
Result: NOTE
Package suggested but not available for checking: ‘rgdal’
Flavor: r-oldrel-osx-x86_64