CRAN Package Check Results for Package available

Last updated on 2018-11-24 00:50:58 CET.

Flavor Version Tinstall Tcheck Ttotal Status Flags
r-devel-linux-x86_64-debian-clang 1.0.2 1.86 35.42 37.28 NOTE
r-devel-linux-x86_64-debian-gcc 1.0.2 1.24 29.75 30.99 NOTE
r-devel-linux-x86_64-fedora-clang 1.0.2 42.98 NOTE
r-devel-linux-x86_64-fedora-gcc 1.0.2 40.56 NOTE
r-devel-windows-ix86+x86_64 1.0.2 7.00 75.00 82.00 OK
r-patched-linux-x86_64 1.0.2 1.50 34.48 35.98 OK
r-patched-solaris-x86 1.0.2 62.60 OK
r-release-linux-x86_64 1.0.2 1.68 34.54 36.22 OK
r-release-windows-ix86+x86_64 1.0.2 6.00 56.00 62.00 OK
r-release-osx-x86_64 1.0.2 OK
r-oldrel-windows-ix86+x86_64 1.0.2 5.00 72.00 77.00 NOTE
r-oldrel-osx-x86_64 1.0.2 NOTE

Check Details

Version: 1.0.2
Check: package dependencies
Result: NOTE
    Package suggested but not available for checking: ‘BiocInstaller’
Flavors: r-devel-linux-x86_64-debian-clang, r-devel-linux-x86_64-debian-gcc, r-devel-linux-x86_64-fedora-clang, r-devel-linux-x86_64-fedora-gcc

Version: 1.0.2
Check: package dependencies
Result: NOTE
    Package suggested but not available for checking: 'BiocManager'
Flavors: r-oldrel-windows-ix86+x86_64, r-oldrel-osx-x86_64