CRAN Package Check Results for Package bagRboostR

Last updated on 2018-11-24 00:50:58 CET.

Flavor Version Tinstall Tcheck Ttotal Status Flags
r-devel-linux-x86_64-debian-clang 0.0.2 0.94 14.96 15.90 NOTE
r-devel-linux-x86_64-debian-gcc 0.0.2 0.63 14.22 14.85 NOTE
r-devel-linux-x86_64-fedora-clang 0.0.2 16.88 NOTE
r-devel-linux-x86_64-fedora-gcc 0.0.2 15.47 NOTE
r-devel-windows-ix86+x86_64 0.0.2 3.00 25.00 28.00 NOTE
r-patched-linux-x86_64 0.0.2 0.77 12.86 13.63 NOTE
r-patched-solaris-x86 0.0.2 32.00 NOTE
r-release-linux-x86_64 0.0.2 0.87 14.23 15.10 NOTE
r-release-windows-ix86+x86_64 0.0.2 4.00 38.00 42.00 NOTE
r-release-osx-x86_64 0.0.2 NOTE
r-oldrel-windows-ix86+x86_64 0.0.2 4.00 38.00 42.00 NOTE
r-oldrel-osx-x86_64 0.0.2 NOTE

Check Details

Version: 0.0.2
Check: R code for possible problems
Result: NOTE
    bagging: no visible global function definition for ‘predict’
    samme: no visible global function definition for ‘predict’
    Undefined global functions or variables:
     predict
    Consider adding
     importFrom("stats", "predict")
    to your NAMESPACE file.
Flavors: r-devel-linux-x86_64-debian-clang, r-devel-linux-x86_64-debian-gcc, r-devel-linux-x86_64-fedora-clang, r-devel-linux-x86_64-fedora-gcc, r-devel-windows-ix86+x86_64, r-patched-linux-x86_64, r-patched-solaris-x86, r-release-linux-x86_64, r-release-windows-ix86+x86_64, r-release-osx-x86_64, r-oldrel-windows-ix86+x86_64, r-oldrel-osx-x86_64