CRAN Package Check Results for Package balance

Last updated on 2018-11-24 00:50:58 CET.

Flavor Version Tinstall Tcheck Ttotal Status Flags
r-devel-linux-x86_64-debian-clang 0.1.6 2.05 43.04 45.09 OK
r-devel-linux-x86_64-debian-gcc 0.1.6 1.54 37.81 39.35 OK
r-devel-linux-x86_64-fedora-clang 0.1.6 57.62 OK
r-devel-linux-x86_64-fedora-gcc 0.1.6 44.57 OK
r-devel-windows-ix86+x86_64 0.1.6 5.00 81.00 86.00 OK
r-patched-linux-x86_64 0.1.6 1.40 38.24 39.64 OK
r-patched-solaris-x86 0.1.6 81.70 OK
r-release-linux-x86_64 0.1.6 2.20 39.58 41.78 OK
r-release-windows-ix86+x86_64 0.1.6 5.00 74.00 79.00 OK
r-release-osx-x86_64 0.1.6 ERROR
r-oldrel-windows-ix86+x86_64 0.1.6 6.00 82.00 88.00 OK
r-oldrel-osx-x86_64 0.1.6 ERROR

Check Details

Version: 0.1.6
Check: package dependencies
Result: NOTE
    Package suggested but not available for checking: ‘philr’
Flavors: r-release-osx-x86_64, r-oldrel-osx-x86_64

Version: 0.1.6
Check: tests
Result: ERROR
     Running ‘testthat.R’ [8s/8s]
    Running the tests in ‘tests/testthat.R’ failed.
    Last 13 lines of output:
     1: philr::phylo2sbp at testthat/test-sbp.R:5
     2: getExportedValue(pkg, name)
     3: asNamespace(ns)
     4: getNamespace(ns)
     5: tryCatch(loadNamespace(name), error = function(e) stop(e))
     6: tryCatchList(expr, classes, parentenv, handlers)
     7: tryCatchOne(expr, names, parentenv, handlers[[1L]])
     8: value[[3L]](cond)
    
     ══ testthat results ═══════════════════════════════════════════════════════════
     OK: 13 SKIPPED: 0 FAILED: 1
     1. Error: (unknown) (@test-sbp.R#5)
    
     Error: testthat unit tests failed
     Execution halted
Flavor: r-release-osx-x86_64

Version: 0.1.6
Check: tests
Result: ERROR
     Running ‘testthat.R’ [11s/11s]
    Running the tests in ‘tests/testthat.R’ failed.
    Last 13 lines of output:
     1: philr::phylo2sbp at testthat/test-sbp.R:5
     2: getExportedValue(pkg, name)
     3: asNamespace(ns)
     4: getNamespace(ns)
     5: tryCatch(loadNamespace(name), error = function(e) stop(e))
     6: tryCatchList(expr, classes, parentenv, handlers)
     7: tryCatchOne(expr, names, parentenv, handlers[[1L]])
     8: value[[3L]](cond)
    
     ══ testthat results ═══════════════════════════════════════════════════════════
     OK: 13 SKIPPED: 0 FAILED: 1
     1. Error: (unknown) (@test-sbp.R#5)
    
     Error: testthat unit tests failed
     Execution halted
Flavor: r-oldrel-osx-x86_64