CRAN Package Check Results for Package bcRep

Last updated on 2018-11-24 00:50:59 CET.

Flavor Version Tinstall Tcheck Ttotal Status Flags
r-devel-linux-x86_64-debian-clang 1.3.6 9.82 137.40 147.22 OK
r-devel-linux-x86_64-debian-gcc 1.3.6 9.46 104.60 114.06 OK
r-devel-linux-x86_64-fedora-clang 1.3.6 174.50 OK
r-devel-linux-x86_64-fedora-gcc 1.3.6 170.77 OK
r-devel-windows-ix86+x86_64 1.3.6 22.00 411.00 433.00 OK
r-patched-linux-x86_64 1.3.6 11.58 126.64 138.22 OK
r-patched-solaris-x86 1.3.6 650.60 NOTE
r-release-linux-x86_64 1.3.6 12.08 120.75 132.83 OK
r-release-windows-ix86+x86_64 1.3.6 24.00 353.00 377.00 OK
r-release-osx-x86_64 1.3.6 OK
r-oldrel-windows-ix86+x86_64 1.3.6 16.00 391.00 407.00 OK
r-oldrel-osx-x86_64 1.3.6 OK

Check Details

Version: 1.3.6
Check: installed package size
Result: NOTE
     installed size is 5.2Mb
     sub-directories of 1Mb or more:
     data 1.8Mb
     doc 2.7Mb
Flavor: r-patched-solaris-x86