CRAN Package Check Results for Package betalink

Last updated on 2018-11-24 00:50:59 CET.

Flavor Version Tinstall Tcheck Ttotal Status Flags
r-devel-linux-x86_64-debian-clang 2.2.1 1.51 19.38 20.89 NOTE
r-devel-linux-x86_64-debian-gcc 2.2.1 1.16 16.01 17.17 NOTE
r-devel-linux-x86_64-fedora-clang 2.2.1 25.46 NOTE
r-devel-linux-x86_64-fedora-gcc 2.2.1 24.25 NOTE
r-devel-windows-ix86+x86_64 2.2.1 5.00 30.00 35.00 NOTE
r-patched-linux-x86_64 2.2.1 1.51 18.50 20.01 NOTE
r-patched-solaris-x86 2.2.1 41.20 NOTE
r-release-linux-x86_64 2.2.1 1.07 18.77 19.84 NOTE
r-release-windows-ix86+x86_64 2.2.1 4.00 47.00 51.00 NOTE
r-release-osx-x86_64 2.2.1 NOTE
r-oldrel-windows-ix86+x86_64 2.2.1 5.00 39.00 44.00 NOTE
r-oldrel-osx-x86_64 2.2.1 NOTE

Check Details

Version: 2.2.1
Check: DESCRIPTION meta-information
Result: NOTE
    Checking should be performed on sources prepared by ‘R CMD build’.
Flavors: r-devel-linux-x86_64-debian-clang, r-devel-linux-x86_64-debian-gcc, r-devel-linux-x86_64-fedora-clang, r-devel-linux-x86_64-fedora-gcc, r-devel-windows-ix86+x86_64, r-patched-linux-x86_64, r-patched-solaris-x86, r-release-linux-x86_64, r-release-windows-ix86+x86_64, r-release-osx-x86_64, r-oldrel-windows-ix86+x86_64, r-oldrel-osx-x86_64