CRAN Package Check Results for Package bigQueryR

Last updated on 2018-11-24 00:50:59 CET.

Flavor Version Tinstall Tcheck Ttotal Status Flags
r-devel-linux-x86_64-debian-clang 0.4.0 2.78 30.02 32.80 OK
r-devel-linux-x86_64-debian-gcc 0.4.0 1.74 24.88 26.62 OK
r-devel-linux-x86_64-fedora-clang 0.4.0 38.63 OK
r-devel-linux-x86_64-fedora-gcc 0.4.0 37.81 OK
r-devel-windows-ix86+x86_64 0.4.0 8.00 42.00 50.00 OK
r-patched-linux-x86_64 0.4.0 2.40 29.11 31.51 OK
r-patched-solaris-x86 0.4.0 61.10 NOTE
r-release-linux-x86_64 0.4.0 1.90 29.29 31.19 OK
r-release-windows-ix86+x86_64 0.4.0 6.00 69.00 75.00 OK
r-release-osx-x86_64 0.4.0 OK
r-oldrel-windows-ix86+x86_64 0.4.0 7.00 57.00 64.00 OK
r-oldrel-osx-x86_64 0.4.0 OK

Check Details

Version: 0.4.0
Check: Rd cross-references
Result: NOTE
    Package unavailable to check Rd xrefs: ‘bigrquery’
Flavor: r-patched-solaris-x86