CRAN Package Check Results for Package bikedata

Last updated on 2018-11-24 00:50:59 CET.

Flavor Version Tinstall Tcheck Ttotal Status Flags
r-devel-linux-x86_64-debian-clang 0.2.2 129.30 92.84 222.14 OK
r-devel-linux-x86_64-debian-gcc 0.2.2 88.39 72.45 160.84 OK
r-devel-linux-x86_64-fedora-clang 0.2.2 305.44 NOTE
r-devel-linux-x86_64-fedora-gcc 0.2.2 244.99 OK
r-devel-windows-ix86+x86_64 0.2.2 261.00 204.00 465.00 NOTE
r-patched-linux-x86_64 0.2.2 104.35 89.73 194.08 OK
r-patched-solaris-x86 0.2.2 298.50 OK
r-release-linux-x86_64 0.2.2 110.24 88.61 198.85 OK
r-release-windows-ix86+x86_64 0.2.2 259.00 309.00 568.00 NOTE
r-release-osx-x86_64 0.2.2 NOTE
r-oldrel-windows-ix86+x86_64 0.2.2 263.00 283.00 546.00 NOTE
r-oldrel-osx-x86_64 0.2.2 NOTE

Additional issues

clang-UBSAN gcc-UBSAN valgrind

Check Details

Version: 0.2.2
Check: installed package size
Result: NOTE
     installed size is 11.7Mb
     sub-directories of 1Mb or more:
     doc 1.9Mb
     libs 8.9Mb
Flavors: r-devel-linux-x86_64-fedora-clang, r-devel-windows-ix86+x86_64, r-release-windows-ix86+x86_64, r-release-osx-x86_64, r-oldrel-windows-ix86+x86_64, r-oldrel-osx-x86_64