CRAN Package Check Results for Package bipartite

Last updated on 2018-11-24 00:50:59 CET.

Flavor Version Tinstall Tcheck Ttotal Status Flags
r-devel-linux-x86_64-debian-clang 2.11 19.17 147.27 166.44 OK
r-devel-linux-x86_64-debian-gcc 2.11 17.19 115.30 132.49 OK
r-devel-linux-x86_64-fedora-clang 2.11 203.13 OK
r-devel-linux-x86_64-fedora-gcc 2.11 197.15 OK
r-devel-windows-ix86+x86_64 2.11 44.00 194.00 238.00 NOTE
r-patched-linux-x86_64 2.11 18.11 142.11 160.22 OK
r-patched-solaris-x86 2.11 222.90 OK
r-release-linux-x86_64 2.11 22.20 141.96 164.16 OK
r-release-windows-ix86+x86_64 2.11 46.00 149.00 195.00 NOTE
r-release-osx-x86_64 2.11 OK
r-oldrel-windows-ix86+x86_64 2.11 46.00 194.00 240.00 NOTE
r-oldrel-osx-x86_64 2.11 OK

Check Details

Version: 2.11
Check: installed package size
Result: NOTE
     installed size is 5.0Mb
     sub-directories of 1Mb or more:
     doc 2.7Mb
     libs 1.5Mb
Flavors: r-devel-windows-ix86+x86_64, r-release-windows-ix86+x86_64, r-oldrel-windows-ix86+x86_64