CRAN Package Check Results for Package bit

Last updated on 2018-11-24 00:50:59 CET.

Flavor Version Tinstall Tcheck Ttotal Status Flags
r-devel-linux-x86_64-debian-clang 1.1-14 5.51 29.30 34.81 OK
r-devel-linux-x86_64-debian-gcc 1.1-14 3.20 23.52 26.72 OK
r-devel-linux-x86_64-fedora-clang 1.1-14 40.96 NOTE
r-devel-linux-x86_64-fedora-gcc 1.1-14 38.72 NOTE
r-devel-windows-ix86+x86_64 1.1-14 20.00 48.00 68.00 OK
r-patched-linux-x86_64 1.1-14 4.49 28.64 33.13 OK
r-patched-solaris-x86 1.1-14 62.50 OK
r-release-linux-x86_64 1.1-14 4.30 28.82 33.12 OK
r-release-windows-ix86+x86_64 1.1-14 13.00 44.00 57.00 OK
r-release-osx-x86_64 1.1-14 OK
r-oldrel-windows-ix86+x86_64 1.1-14 14.00 41.00 55.00 OK
r-oldrel-osx-x86_64 1.1-14 OK

Additional issues

valgrind

Check Details

Version: 1.1-14
Check: compiled code
Result: NOTE
    File ‘bit/libs/bit.so’:
     Found no calls to: ‘R_registerRoutines’, ‘R_useDynamicSymbols’
    
    It is good practice to register native routines and to disable symbol
    search.
    
    See ‘Writing portable packages’ in the ‘Writing R Extensions’ manual.
Flavors: r-devel-linux-x86_64-fedora-clang, r-devel-linux-x86_64-fedora-gcc