CRAN Package Check Results for Package blackbox

Last updated on 2018-11-24 00:51:00 CET.

Flavor Version Tinstall Tcheck Ttotal Status Flags
r-devel-linux-x86_64-debian-clang 1.1.25 56.02 91.85 147.87 OK
r-devel-linux-x86_64-debian-gcc 1.1.25 45.75 73.36 119.11 OK
r-devel-linux-x86_64-fedora-clang 1.1.25 193.70 NOTE
r-devel-linux-x86_64-fedora-gcc 1.1.25 179.98 OK
r-devel-windows-ix86+x86_64 1.1.25 117.00 163.00 280.00 OK
r-patched-linux-x86_64 1.1.25 52.81 89.13 141.94 OK
r-patched-solaris-x86 1.1.25 210.90 OK
r-release-linux-x86_64 1.1.25 55.64 88.80 144.44 OK
r-release-windows-ix86+x86_64 1.1.25 126.00 160.00 286.00 OK
r-release-osx-x86_64 1.1.25 NOTE
r-oldrel-windows-ix86+x86_64 1.1.25 125.00 160.00 285.00 OK
r-oldrel-osx-x86_64 1.1.25 NOTE

Check Details

Version: 1.1.25
Check: installed package size
Result: NOTE
     installed size is 7.1Mb
     sub-directories of 1Mb or more:
     libs 6.5Mb
Flavors: r-devel-linux-x86_64-fedora-clang, r-release-osx-x86_64, r-oldrel-osx-x86_64