CRAN Package Check Results for Package brt

Last updated on 2018-11-24 00:51:00 CET.

Flavor Version Tinstall Tcheck Ttotal Status Flags
r-devel-linux-x86_64-debian-clang 1.3.0 1.84 150.01 151.85 OK
r-devel-linux-x86_64-debian-gcc 1.3.0 1.91 115.62 117.53 OK
r-devel-linux-x86_64-fedora-clang 1.3.0 179.68 OK
r-devel-linux-x86_64-fedora-gcc 1.3.0 171.84 OK
r-devel-windows-ix86+x86_64 1.3.0 10.00 210.00 220.00 OK
r-patched-linux-x86_64 1.3.0 2.08 138.21 140.29 OK
r-patched-solaris-x86 1.3.0 280.40 OK
r-release-linux-x86_64 1.3.0 2.15 142.59 144.74 OK
r-release-windows-ix86+x86_64 1.3.0 9.00 154.00 163.00 OK
r-release-osx-x86_64 1.3.0 NOTE
r-oldrel-windows-ix86+x86_64 1.3.0 8.00 232.00 240.00 OK
r-oldrel-osx-x86_64 1.3.0 NOTE

Check Details

Version: 1.3.0
Check: package dependencies
Result: NOTE
    Package suggested but not available for checking: ‘pasilla’
Flavors: r-release-osx-x86_64, r-oldrel-osx-x86_64