CRAN Package Check Results for Package c14bazAAR

Last updated on 2018-11-24 00:51:00 CET.

Flavor Version Tinstall Tcheck Ttotal Status Flags
r-devel-linux-x86_64-debian-clang 1.0.2 2.63 49.71 52.34 OK
r-devel-linux-x86_64-debian-gcc 1.0.2 2.05 38.06 40.11 OK
r-devel-linux-x86_64-fedora-clang 1.0.2 61.59 NOTE
r-devel-linux-x86_64-fedora-gcc 1.0.2 58.81 NOTE
r-devel-windows-ix86+x86_64 1.0.2 8.00 60.00 68.00 OK
r-patched-linux-x86_64 1.0.2 2.05 44.95 47.00 OK
r-patched-solaris-x86 1.0.2 91.30 NOTE
r-release-linux-x86_64 1.0.2 2.77 45.90 48.67 OK
r-release-windows-ix86+x86_64 1.0.2 8.00 64.00 72.00 OK
r-release-osx-x86_64 1.0.2 NOTE
r-oldrel-windows-ix86+x86_64 1.0.2 5.00 80.00 85.00 OK
r-oldrel-osx-x86_64 1.0.2 NOTE

Check Details

Version: 1.0.2
Check: data for non-ASCII characters
Result: NOTE
     Note: found 76 marked UTF-8 strings
Flavors: r-devel-linux-x86_64-fedora-clang, r-devel-linux-x86_64-fedora-gcc, r-patched-solaris-x86, r-release-osx-x86_64, r-oldrel-osx-x86_64