Last updated on 2018-11-24 00:51:01 CET.
Flavor | Version | Tinstall | Tcheck | Ttotal | Status | Flags |
---|---|---|---|---|---|---|
r-devel-linux-x86_64-debian-clang | 1.0.1 | 4.27 | 57.88 | 62.15 | OK | |
r-devel-linux-x86_64-debian-gcc | 1.0.1 | 3.72 | 45.63 | 49.35 | OK | |
r-devel-linux-x86_64-fedora-clang | 1.0.1 | 73.16 | NOTE | |||
r-devel-linux-x86_64-fedora-gcc | 1.0.1 | 70.42 | NOTE | |||
r-devel-windows-ix86+x86_64 | 1.0.1 | 10.00 | 70.00 | 80.00 | OK | |
r-patched-linux-x86_64 | 1.0.1 | 3.79 | 55.36 | 59.15 | OK | |
r-patched-solaris-x86 | 1.0.1 | 99.50 | NOTE | |||
r-release-linux-x86_64 | 1.0.1 | 4.04 | 56.00 | 60.04 | OK | |
r-release-windows-ix86+x86_64 | 1.0.1 | 9.00 | 67.00 | 76.00 | OK | |
r-release-osx-x86_64 | 1.0.1 | NOTE | ||||
r-oldrel-windows-ix86+x86_64 | 1.0.1 | 7.00 | 100.00 | 107.00 | OK | |
r-oldrel-osx-x86_64 | 1.0.1 | NOTE |
Version: 1.0.1
Check: data for non-ASCII characters
Result: NOTE
Note: found 90 marked UTF-8 strings
Flavors: r-devel-linux-x86_64-fedora-clang, r-devel-linux-x86_64-fedora-gcc, r-patched-solaris-x86, r-release-osx-x86_64, r-oldrel-osx-x86_64