CRAN Package Check Results for Package cairoDevice

Last updated on 2018-11-24 00:51:00 CET.

Flavor Version Tinstall Tcheck Ttotal Status Flags
r-devel-linux-x86_64-debian-clang 2.25 3.71 17.52 21.23 WARN
r-devel-linux-x86_64-debian-gcc 2.25 2.72 14.59 17.31 NOTE
r-devel-linux-x86_64-fedora-clang 2.25 24.99 NOTE
r-devel-linux-x86_64-fedora-gcc 2.25 23.59 NOTE
r-devel-windows-ix86+x86_64 2.25 26.00 34.00 60.00 OK
r-patched-linux-x86_64 2.25 3.17 16.29 19.46 WARN
r-patched-solaris-x86 2.25 38.70 NOTE
r-release-linux-x86_64 2.25 3.09 16.41 19.50 NOTE
r-release-windows-ix86+x86_64 2.25 22.00 47.00 69.00 OK
r-release-osx-x86_64 2.25 ERROR
r-oldrel-windows-ix86+x86_64 2.25 16.00 35.00 51.00 OK
r-oldrel-osx-x86_64 2.25 ERROR

Additional issues

rchk

Check Details

Version: 2.25
Check: whether the namespace can be unloaded cleanly
Result: WARN
    ---- unloading
    
     *** caught segfault ***
    address 0x7f3ad753eaf0, cause 'memory not mapped'
    An irrecoverable exception occurred. R is aborting now ...
    Segmentation fault
Flavor: r-devel-linux-x86_64-debian-clang

Version: 2.25
Check: compiled code
Result: NOTE
    File ‘cairoDevice/libs/cairoDevice.so’:
     Found non-API call to R: ‘R_CStackLimit’
    
    Compiled code should not call non-API entry points in R.
    
    See ‘Writing portable packages’ in the ‘Writing R Extensions’ manual.
Flavors: r-devel-linux-x86_64-debian-clang, r-devel-linux-x86_64-debian-gcc, r-devel-linux-x86_64-fedora-clang, r-devel-linux-x86_64-fedora-gcc, r-patched-linux-x86_64, r-patched-solaris-x86, r-release-linux-x86_64

Version: 2.25
Check: whether the namespace can be unloaded cleanly
Result: WARN
    ---- unloading
    
     *** caught segfault ***
    address 0x7f9a92009b40, cause 'memory not mapped'
    An irrecoverable exception occurred. R is aborting now ...
    Segmentation fault
Flavor: r-patched-linux-x86_64

Version: 2.25
Check: whether package can be installed
Result: ERROR
    Installation failed.
Flavors: r-release-osx-x86_64, r-oldrel-osx-x86_64