Last updated on 2018-11-24 00:51:01 CET.
Flavor | Version | Tinstall | Tcheck | Ttotal | Status | Flags |
---|---|---|---|---|---|---|
r-devel-linux-x86_64-debian-clang | 0.1.1 | 5.79 | 97.29 | 103.08 | OK | |
r-devel-linux-x86_64-debian-gcc | 0.1.1 | 5.91 | 76.42 | 82.33 | OK | |
r-devel-linux-x86_64-fedora-clang | 0.1.1 | 121.45 | OK | |||
r-devel-linux-x86_64-fedora-gcc | 0.1.1 | 116.69 | OK | |||
r-devel-windows-ix86+x86_64 | 0.1.1 | 16.00 | 253.00 | 269.00 | OK | |
r-patched-linux-x86_64 | 0.1.1 | 6.61 | 93.07 | 99.68 | OK | |
r-patched-solaris-x86 | 0.1.1 | 204.90 | ERROR | |||
r-release-linux-x86_64 | 0.1.1 | 6.29 | 92.69 | 98.98 | OK | |
r-release-windows-ix86+x86_64 | 0.1.1 | 16.00 | 98.00 | 114.00 | OK | |
r-release-osx-x86_64 | 0.1.1 | OK | ||||
r-oldrel-windows-ix86+x86_64 | 0.1.1 | 18.00 | 147.00 | 165.00 | OK | |
r-oldrel-osx-x86_64 | 0.1.1 | OK |
Version: 0.1.1
Check: tests
Result: ERROR
Running ‘testthat.R’ [31s/38s]
Running the tests in ‘tests/testthat.R’ failed.
Complete output:
> library(testthat)
> library(classiFunc)
>
> test_check("classiFunc")
── 1. Failure: computeDistMat works rucrdtw metrics (@test_computeDistMat.R#100)
all(as.vector(dist1) <= as.vector(dist3)) isn't true.
══ testthat results ═══════════════════════════════════════════════════════════
OK: 834 SKIPPED: 0 FAILED: 1
1. Failure: computeDistMat works rucrdtw metrics (@test_computeDistMat.R#100)
Error: testthat unit tests failed
Execution halted
Flavor: r-patched-solaris-x86