CRAN Package Check Results for Package clere

Last updated on 2018-11-24 00:51:01 CET.

Flavor Version Tinstall Tcheck Ttotal Status Flags
r-devel-linux-x86_64-debian-clang 1.1.4 92.49 63.60 156.09 OK
r-devel-linux-x86_64-debian-gcc 1.1.4 85.21 48.76 133.97 OK
r-devel-linux-x86_64-fedora-clang 1.1.4 238.81 NOTE
r-devel-linux-x86_64-fedora-gcc 1.1.4 215.95 NOTE
r-devel-windows-ix86+x86_64 1.1.4 195.00 140.00 335.00 OK
r-patched-linux-x86_64 1.1.4 106.16 64.64 170.80 OK
r-patched-solaris-x86 1.1.4 205.70 OK
r-release-linux-x86_64 1.1.4 104.43 65.60 170.03 OK
r-release-windows-ix86+x86_64 1.1.4 192.00 140.00 332.00 OK
r-release-osx-x86_64 1.1.4 NOTE
r-oldrel-windows-ix86+x86_64 1.1.4 197.00 138.00 335.00 OK
r-oldrel-osx-x86_64 1.1.4 NOTE

Check Details

Version: 1.1.4
Check: installed package size
Result: NOTE
     installed size is 22.5Mb
     sub-directories of 1Mb or more:
     libs 21.6Mb
Flavors: r-devel-linux-x86_64-fedora-clang, r-release-osx-x86_64, r-oldrel-osx-x86_64

Version: 1.1.4
Check: compiled code
Result: NOTE
    File ‘clere/libs/clere.so’:
     Found no calls to: ‘R_registerRoutines’, ‘R_useDynamicSymbols’
    
    It is good practice to register native routines and to disable symbol
    search.
    
    See ‘Writing portable packages’ in the ‘Writing R Extensions’ manual.
Flavors: r-devel-linux-x86_64-fedora-clang, r-devel-linux-x86_64-fedora-gcc

Version: 1.1.4
Check: re-building of vignette outputs
Result: NOTE
    Error in re-building vignettes:
     ...
    R Package to solve regression problems while imposing
     an L1 constraint on the parameters. Based on S-plus Release 2.1
    Copyright (C) 1998, 1999
    Justin Lokhorst <jlokhors@stats.adelaide.edu.au>
    Berwin A. Turlach <bturlach@stats.adelaide.edu.au>
    Bill Venables <wvenable@stats.adelaide.edu.au>
    
    Copyright (C) 2002
    Martin Maechler <maechler@stat.math.ethz.ch>
    Error in texi2dvi(file = file, pdf = TRUE, clean = clean, quiet = quiet, :
     Running 'texi2dvi' on 'clere.tex' failed.
    LaTeX errors:
    ! LaTeX Error: File `titlesec.sty' not found.
    
    Type X to quit or <RETURN> to proceed,
    or enter new name. (Default extension: sty)
    
    ! Emergency stop.
    <read *>
    
    l.99 \usepackage
     {titletoc}^^M
    ! ==> Fatal error occurred, no output PDF file produced!
    Calls: buildVignettes -> texi2pdf -> texi2dvi
    Execution halted
Flavor: r-oldrel-osx-x86_64