Last updated on 2018-11-24 00:51:01 CET.
Flavor | Version | Tinstall | Tcheck | Ttotal | Status | Flags |
---|---|---|---|---|---|---|
r-devel-linux-x86_64-debian-clang | 1.0 | 1.26 | 18.60 | 19.86 | OK | |
r-devel-linux-x86_64-debian-gcc | 1.0 | 0.98 | 15.00 | 15.98 | OK | |
r-devel-linux-x86_64-fedora-clang | 1.0 | 23.52 | OK | |||
r-devel-linux-x86_64-fedora-gcc | 1.0 | 22.06 | OK | |||
r-devel-windows-ix86+x86_64 | 1.0 | 4.00 | 49.00 | 53.00 | OK | |
r-patched-linux-x86_64 | 1.0 | 1.16 | 17.32 | 18.48 | OK | |
r-patched-solaris-x86 | 1.0 | 35.90 | ERROR | |||
r-release-linux-x86_64 | 1.0 | 1.13 | 17.54 | 18.67 | OK | |
r-release-windows-ix86+x86_64 | 1.0 | 4.00 | 39.00 | 43.00 | OK | |
r-release-osx-x86_64 | 1.0 | OK | ||||
r-oldrel-windows-ix86+x86_64 | 1.0 | 5.00 | 40.00 | 45.00 | OK | |
r-oldrel-osx-x86_64 | 1.0 | OK |
Version: 1.0
Check: examples
Result: ERROR
Running examples in ‘cmpprocess-Ex.R’ failed
The error most likely occurred in:
> ### Name: cmpproc
> ### Title: COM Poisson Process Parameter Estimation.
> ### Aliases: cmpproc
>
> ### ** Examples
>
> ## Standard usage
> data(floodcount)
> cmpproc(floodcount$Counts)
Error in solve.default(H) :
system is computationally singular: reciprocal condition number = 0
Calls: cmpproc -> single.cmp -> diag -> solve -> solve.default
Execution halted
Flavor: r-patched-solaris-x86