CRAN Package Check Results for Package compactr

Last updated on 2018-11-24 00:51:02 CET.

Flavor Version Tinstall Tcheck Ttotal Status Flags
r-devel-linux-x86_64-debian-clang 0.1 0.95 17.28 18.23 NOTE
r-devel-linux-x86_64-debian-gcc 0.1 0.75 14.20 14.95 NOTE
r-devel-linux-x86_64-fedora-clang 0.1 22.05 NOTE
r-devel-linux-x86_64-fedora-gcc 0.1 20.56 NOTE
r-devel-windows-ix86+x86_64 0.1 3.00 30.00 33.00 NOTE
r-patched-linux-x86_64 0.1 0.81 16.21 17.02 NOTE
r-patched-solaris-x86 0.1 33.30 NOTE
r-release-linux-x86_64 0.1 0.90 16.39 17.29 NOTE
r-release-windows-ix86+x86_64 0.1 2.00 27.00 29.00 NOTE
r-release-osx-x86_64 0.1 NOTE
r-oldrel-windows-ix86+x86_64 0.1 2.00 28.00 30.00 NOTE
r-oldrel-osx-x86_64 0.1 NOTE

Check Details

Version: 0.1
Check: R code for possible problems
Result: NOTE
    addxaxis: no visible global function definition for ‘par’
    addxaxis: no visible global function definition for ‘axis’
    addxaxis: no visible global function definition for ‘mtext’
    eplot: no visible global function definition for ‘plot’
    eplot: no visible global function definition for ‘par’
    eplot: no visible global function definition for ‘axis’
    eplot: no visible global function definition for ‘mtext’
    Undefined global functions or variables:
     axis mtext par plot
    Consider adding
     importFrom("graphics", "axis", "mtext", "par", "plot")
    to your NAMESPACE file.
Flavors: r-devel-linux-x86_64-debian-clang, r-devel-linux-x86_64-debian-gcc, r-devel-linux-x86_64-fedora-clang, r-devel-linux-x86_64-fedora-gcc, r-devel-windows-ix86+x86_64, r-patched-linux-x86_64, r-patched-solaris-x86, r-release-linux-x86_64, r-release-windows-ix86+x86_64, r-release-osx-x86_64, r-oldrel-windows-ix86+x86_64, r-oldrel-osx-x86_64