Last updated on 2018-11-24 00:51:02 CET.
Flavor | Version | Tinstall | Tcheck | Ttotal | Status | Flags |
---|---|---|---|---|---|---|
r-devel-linux-x86_64-debian-clang | 1.3 | 4.70 | 67.93 | 72.63 | OK | |
r-devel-linux-x86_64-debian-gcc | 1.3 | 4.89 | 54.40 | 59.29 | OK | |
r-devel-linux-x86_64-fedora-clang | 1.3 | 88.10 | OK | |||
r-devel-linux-x86_64-fedora-gcc | 1.3 | 83.78 | OK | |||
r-devel-windows-ix86+x86_64 | 1.3 | 12.00 | 116.00 | 128.00 | OK | |
r-patched-linux-x86_64 | 1.3 | 4.79 | 65.70 | 70.49 | OK | |
r-patched-solaris-x86 | 1.3 | 131.40 | OK | |||
r-release-linux-x86_64 | 1.3 | 5.61 | 64.58 | 70.19 | OK | |
r-release-windows-ix86+x86_64 | 1.3 | 13.00 | 97.00 | 110.00 | OK | |
r-release-osx-x86_64 | 1.3 | OK | ||||
r-oldrel-windows-ix86+x86_64 | 1.2 | 8.00 | 74.00 | 82.00 | OK | |
r-oldrel-osx-x86_64 | 1.3 | ERROR |
Version: 1.3
Check: whether package can be installed
Result: ERROR
Installation failed.
Flavor: r-oldrel-osx-x86_64