CRAN Package Check Results for Package cubature

Last updated on 2018-11-24 00:51:02 CET.

Flavor Version Tinstall Tcheck Ttotal Status Flags
r-devel-linux-x86_64-debian-clang 1.4-1 32.44 158.47 190.91 OK
r-devel-linux-x86_64-debian-gcc 2.0 57.71 135.44 193.15 OK
r-devel-linux-x86_64-fedora-clang 2.0 176.81 OK
r-devel-linux-x86_64-fedora-gcc 2.0 156.50 OK
r-devel-windows-ix86+x86_64 1.4-1 67.00 211.00 278.00 NOTE
r-patched-linux-x86_64 2.0 69.39 188.30 257.69 OK
r-patched-solaris-x86 2.0 24.60 ERROR
r-release-linux-x86_64 1.4-1 35.53 153.00 188.53 OK
r-release-windows-ix86+x86_64 2.0 102.00 277.00 379.00 NOTE
r-release-osx-x86_64 1.4-1 OK
r-oldrel-windows-ix86+x86_64 1.4-1 66.00 265.00 331.00 NOTE
r-oldrel-osx-x86_64 1.4-1 OK

Additional issues

clang-ASAN gcc-ASAN valgrind

Check Details

Version: 1.4-1
Check: installed package size
Result: NOTE
     installed size is 5.4Mb
     sub-directories of 1Mb or more:
     libs 4.5Mb
Flavors: r-devel-windows-ix86+x86_64, r-oldrel-windows-ix86+x86_64

Version: 2.0
Check: whether package can be installed
Result: ERROR
    Installation failed.
Flavor: r-patched-solaris-x86

Version: 2.0
Check: installed package size
Result: NOTE
     installed size is 6.6Mb
     sub-directories of 1Mb or more:
     doc 1.5Mb
     libs 4.9Mb
Flavor: r-release-windows-ix86+x86_64