CRAN Package Check Results for Package d3Tree

Last updated on 2018-11-24 00:51:02 CET.

Flavor Version Tinstall Tcheck Ttotal Status Flags
r-devel-linux-x86_64-debian-clang 0.2.0 2.39 30.53 32.92 OK
r-devel-linux-x86_64-debian-gcc 0.2.0 2.01 24.33 26.34 OK
r-devel-linux-x86_64-fedora-clang 0.2.0 37.38 NOTE
r-devel-linux-x86_64-fedora-gcc 0.2.0 35.93 NOTE
r-devel-windows-ix86+x86_64 0.2.0 8.00 41.00 49.00 OK
r-patched-linux-x86_64 0.2.0 2.12 28.43 30.55 OK
r-patched-solaris-x86 0.2.0 61.40 NOTE
r-release-linux-x86_64 0.2.0 1.70 28.96 30.66 OK
r-release-windows-ix86+x86_64 0.2.0 8.00 44.00 52.00 OK
r-release-osx-x86_64 0.2.0 NOTE
r-oldrel-windows-ix86+x86_64 0.2.0 9.00 60.00 69.00 OK
r-oldrel-osx-x86_64 0.2.0 NOTE

Check Details

Version: 0.2.0
Check: dependencies in R code
Result: NOTE
    Namespace in Imports field not imported from: ‘magrittr’
     All declared Imports should be used.
Flavors: r-devel-linux-x86_64-fedora-clang, r-devel-linux-x86_64-fedora-gcc, r-patched-solaris-x86, r-release-osx-x86_64, r-oldrel-osx-x86_64