Last updated on 2018-11-24 00:51:03 CET.
Flavor | Version | Tinstall | Tcheck | Ttotal | Status | Flags |
---|---|---|---|---|---|---|
r-devel-linux-x86_64-debian-clang | 2.10.0 | 3.95 | 91.20 | 95.15 | OK | |
r-devel-linux-x86_64-debian-gcc | 2.10.0 | 3.99 | 71.27 | 75.26 | OK | |
r-devel-linux-x86_64-fedora-clang | 2.10.0 | 120.21 | NOTE | |||
r-devel-linux-x86_64-fedora-gcc | 2.10.0 | 114.26 | NOTE | |||
r-devel-windows-ix86+x86_64 | 2.10.0 | 18.00 | 128.00 | 146.00 | OK | |
r-patched-linux-x86_64 | 2.10.0 | 4.91 | 87.47 | 92.38 | OK | |
r-patched-solaris-x86 | 2.10.0 | 119.00 | NOTE | |||
r-release-linux-x86_64 | 2.10.0 | 6.11 | 89.26 | 95.37 | OK | |
r-release-windows-ix86+x86_64 | 2.10.0 | 15.00 | 126.00 | 141.00 | OK | |
r-release-osx-x86_64 | 2.10.0 | NOTE | ||||
r-oldrel-windows-ix86+x86_64 | 2.10.0 | 12.00 | 158.00 | 170.00 | OK | |
r-oldrel-osx-x86_64 | 2.10.0 | NOTE |
Version: 2.10.0
Check: dependencies in R code
Result: NOTE
Namespace in Imports field not imported from: ‘curl’
All declared Imports should be used.
Flavors: r-devel-linux-x86_64-fedora-clang, r-devel-linux-x86_64-fedora-gcc, r-patched-solaris-x86, r-release-osx-x86_64, r-oldrel-osx-x86_64