CRAN Package Check Results for Package deisotoper

Last updated on 2018-11-24 00:51:03 CET.

Flavor Version Tinstall Tcheck Ttotal Status Flags
r-devel-linux-x86_64-debian-clang 0.0.3 2.14 43.18 45.32 OK
r-devel-linux-x86_64-debian-gcc 0.0.3 1.73 34.73 36.46 OK
r-devel-linux-x86_64-fedora-clang 0.0.3 54.04 OK
r-devel-linux-x86_64-fedora-gcc 0.0.3 53.64 OK
r-devel-windows-ix86+x86_64 0.0.3 8.00 60.00 68.00 ERROR
r-patched-linux-x86_64 0.0.3 1.80 41.85 43.65 OK
r-release-linux-x86_64 0.0.3 1.74 42.18 43.92 OK
r-release-windows-ix86+x86_64 0.0.3 6.00 79.00 85.00 OK
r-release-osx-x86_64 0.0.3 OK
r-oldrel-windows-ix86+x86_64 0.0.3 8.00 77.00 85.00 OK
r-oldrel-osx-x86_64 0.0.3 OK

Check Details

Version: 0.0.3
Check: examples
Result: ERROR
    Running examples in 'deisotoper-Ex.R' failed
    The error most likely occurred in:
    
    > ### Name: deisotope
    > ### Title: Deisotope a Mass Spectrum
    > ### Aliases: deisotope
    >
    > ### ** Examples
    >
    >
    > x <- list(mZ = c(1, 2, 2.5, 3), intensity = rep(1, 4), pepmass=600, charge=2)
    >
    > xd <- deisotope(dtoper <- deisotoper(), x)
    > plot.deisotoper(x, xd)
    > summary(dtoper)
     NumberOfIsotopicSets NumberOfIsotopicClusters NumberOfPeaksInIsotopicClusters
    1 1 2 4
     NumberOfPeaks
    1 4
    >
    >
    >
    >
    > cleanEx()
    Error: connections left open:
     Summary (textConnection)
    Execution halted
Flavor: r-devel-windows-ix86+x86_64