CRAN Package Check Results for Package demu

Last updated on 2018-11-24 00:51:03 CET.

Flavor Version Tinstall Tcheck Ttotal Status Flags
r-devel-linux-x86_64-debian-clang 0.2.0 46.10 86.35 132.45 NOTE
r-devel-linux-x86_64-debian-gcc 0.2.0 36.95 67.71 104.66 NOTE
r-devel-linux-x86_64-fedora-clang 0.2.0 165.64 NOTE
r-devel-linux-x86_64-fedora-gcc 0.2.0 153.58 NOTE
r-devel-windows-ix86+x86_64 0.2.0 99.00 210.00 309.00 OK
r-patched-linux-x86_64 0.2.0 40.83 81.11 121.94 OK
r-patched-solaris-x86 0.2.0 200.70 NOTE
r-release-linux-x86_64 0.2.0 48.11 81.91 130.02 OK
r-release-windows-ix86+x86_64 0.2.0 95.00 190.00 285.00 OK
r-release-osx-x86_64 0.2.0 NOTE
r-oldrel-windows-ix86+x86_64 0.2.0 106.00 191.00 297.00 OK
r-oldrel-osx-x86_64 0.2.0 NOTE

Additional issues

gcc-UBSAN

Check Details

Version: 0.2.0
Check: use of SHLIB_OPENMP_*FLAGS in Makefiles
Result: NOTE
     src/Makevars: SHLIB_OPENMP_CXXFLAGS is included in PKG_CXXFLAGS but not in PKG_LIBS
     src/Makevars: SHLIB_OPENMP_CFLAGS is included in PKG_LIBS but not in PKG_CFLAGS
     src/Makevars.win: SHLIB_OPENMP_CXXFLAGS is included in PKG_CXXFLAGS but not in PKG_LIBS
     src/Makevars.win: SHLIB_OPENMP_CFLAGS is included in PKG_LIBS but not in PKG_CFLAGS
    Use of these macros is discussed in sect 1.2.1.1 of ‘Writing R
    Extensions’. The macros for different languages may differ so the
    matching macro must be used in PKG_CXXFLAGS (etc) and match that used
    in PKG_LIBS (except for F77: see the manual).
Flavors: r-devel-linux-x86_64-debian-clang, r-devel-linux-x86_64-debian-gcc, r-devel-linux-x86_64-fedora-clang, r-devel-linux-x86_64-fedora-gcc

Version: 0.2.0
Check: dependencies in R code
Result: NOTE
    Namespace in Imports field not imported from: ‘Matrix’
     All declared Imports should be used.
Flavors: r-devel-linux-x86_64-fedora-clang, r-devel-linux-x86_64-fedora-gcc, r-patched-solaris-x86, r-release-osx-x86_64, r-oldrel-osx-x86_64