CRAN Package Check Results for Package devtools

Last updated on 2018-11-24 00:51:03 CET.

Flavor Version Tinstall Tcheck Ttotal Status Flags
r-devel-linux-x86_64-debian-clang 2.0.1 6.91 245.10 252.01 NOTE
r-devel-linux-x86_64-debian-gcc 2.0.1 5.76 183.42 189.18 NOTE
r-devel-linux-x86_64-fedora-clang 2.0.1 286.58 NOTE
r-devel-linux-x86_64-fedora-gcc 2.0.1 275.38 NOTE
r-devel-windows-ix86+x86_64 2.0.1 17.00 334.00 351.00 OK
r-patched-linux-x86_64 2.0.1 5.75 248.14 253.89 OK
r-patched-solaris-x86 2.0.1 472.50 ERROR
r-release-linux-x86_64 2.0.1 5.86 245.07 250.93 OK
r-release-windows-ix86+x86_64 2.0.1 14.00 361.00 375.00 OK
r-release-osx-x86_64 2.0.1 ERROR
r-oldrel-windows-ix86+x86_64 2.0.1 15.00 390.00 405.00 NOTE
r-oldrel-osx-x86_64 2.0.1 ERROR

Check Details

Version: 2.0.1
Check: package dependencies
Result: NOTE
    Package suggested but not available for checking: ‘BiocInstaller’
Flavors: r-devel-linux-x86_64-debian-clang, r-devel-linux-x86_64-debian-gcc, r-devel-linux-x86_64-fedora-clang, r-devel-linux-x86_64-fedora-gcc

Version: 2.0.1
Check: tests
Result: ERROR
     Running ‘test-that.R’ [382s/549s]
    Running the tests in ‘tests/test-that.R’ failed.
    Complete output:
     > library(testthat)
     > test_check("devtools")
     Loading required package: devtools
     <simpleError: pandoc version 1.12.3 or higher is required and was not found (see the help page ?rmarkdown::pandoc_available).>
     ── 1. Error: Package readme can be built (@test-build-readme.R#8) ────────────
     pandoc version 1.12.3 or higher is required and was not found (see the help page ?rmarkdown::pandoc_available).
     1: build_readme("testReadme") at testthat/test-build-readme.R:8
     2: callr::r(build, args = list(pkg_path = pkg$path, readme_path = readme_path, ... = ...,
     quiet = quiet), show = TRUE, spinner = FALSE)
     3: get_result(output = out, options)
    
     ══ testthat results ═══════════════════════════════════════════════════════════
     OK: 42 SKIPPED: 11 FAILED: 1
     1. Error: Package readme can be built (@test-build-readme.R#8)
    
     Error: testthat unit tests failed
     Execution halted
Flavor: r-patched-solaris-x86

Version: 2.0.1
Check: tests
Result: ERROR
     Running ‘test-that.R’ [194s/202s]
    Running the tests in ‘tests/test-that.R’ failed.
    Last 13 lines of output:
     Loading required package: devtools
     <simpleError: pandoc version 1.12.3 or higher is required and was not found (see the help page ?rmarkdown::pandoc_available).>
     ── 1. Error: Package readme can be built (@test-build-readme.R#8) ────────────
     pandoc version 1.12.3 or higher is required and was not found (see the help page ?rmarkdown::pandoc_available).
     1: build_readme("testReadme") at testthat/test-build-readme.R:8
     2: callr::r(build, args = list(pkg_path = pkg$path, readme_path = readme_path, ... = ...,
     quiet = quiet), show = TRUE, spinner = FALSE)
     3: get_result(output = out, options)
    
     ══ testthat results ═══════════════════════════════════════════════════════════
     OK: 42 SKIPPED: 11 FAILED: 1
     1. Error: Package readme can be built (@test-build-readme.R#8)
    
     Error: testthat unit tests failed
     Execution halted
Flavor: r-release-osx-x86_64

Version: 2.0.1
Check: package dependencies
Result: NOTE
    Package suggested but not available for checking: 'BiocManager'
Flavors: r-oldrel-windows-ix86+x86_64, r-oldrel-osx-x86_64

Version: 2.0.1
Check: tests
Result: ERROR
     Running ‘test-that.R’ [198s/204s]
    Running the tests in ‘tests/test-that.R’ failed.
    Last 13 lines of output:
     Loading required package: devtools
     <simpleError: pandoc version 1.12.3 or higher is required and was not found (see the help page ?rmarkdown::pandoc_available).>
     ── 1. Error: Package readme can be built (@test-build-readme.R#8) ────────────
     pandoc version 1.12.3 or higher is required and was not found (see the help page ?rmarkdown::pandoc_available).
     1: build_readme("testReadme") at testthat/test-build-readme.R:8
     2: callr::r(build, args = list(pkg_path = pkg$path, readme_path = readme_path, ... = ...,
     quiet = quiet), show = TRUE, spinner = FALSE)
     3: get_result(output = out, options)
    
     ══ testthat results ═══════════════════════════════════════════════════════════
     OK: 42 SKIPPED: 11 FAILED: 1
     1. Error: Package readme can be built (@test-build-readme.R#8)
    
     Error: testthat unit tests failed
     Execution halted
Flavor: r-oldrel-osx-x86_64