CRAN Package Check Results for Package dfexplore

Last updated on 2018-11-24 00:51:03 CET.

Flavor Version Tinstall Tcheck Ttotal Status Flags
r-devel-linux-x86_64-debian-clang 0.2.1 2.61 42.17 44.78 NOTE
r-devel-linux-x86_64-debian-gcc 0.2.1 2.26 33.42 35.68 NOTE
r-devel-linux-x86_64-fedora-clang 0.2.1 53.13 NOTE
r-devel-linux-x86_64-fedora-gcc 0.2.1 49.59 NOTE
r-devel-windows-ix86+x86_64 0.2.1 8.00 92.00 100.00 NOTE
r-patched-linux-x86_64 0.2.1 2.98 38.46 41.44 NOTE
r-patched-solaris-x86 0.2.1 79.00 NOTE
r-release-linux-x86_64 0.2.1 2.15 39.52 41.67 NOTE
r-release-windows-ix86+x86_64 0.2.1 9.00 63.00 72.00 NOTE
r-release-osx-x86_64 0.2.1 NOTE
r-oldrel-windows-ix86+x86_64 0.2.1 9.00 87.00 96.00 NOTE
r-oldrel-osx-x86_64 0.2.1 NOTE

Check Details

Version: 0.2.1
Check: R code for possible problems
Result: NOTE
    simulate_dataframe : generate_dumb_answer: no visible global function
     definition for ‘rbinom’
    simulate_dataframe : generate_dumb_answer: no visible global function
     definition for ‘rnorm’
    simulate_dataframe : generate_initial: no visible global function
     definition for ‘rbinom’
    simulate_dataframe: no visible binding for global variable ‘randu’
    simulate_dataframe: no visible global function definition for ‘rbinom’
    simulate_dataframe: no visible global function definition for ‘rnorm’
    simulate_dataframe: no visible global function definition for ‘rpois’
    simulate_dataframe : add_NAs: no visible global function definition for
     ‘rbinom’
    Undefined global functions or variables:
     randu rbinom rnorm rpois
    Consider adding
     importFrom("datasets", "randu")
     importFrom("stats", "rbinom", "rnorm", "rpois")
    to your NAMESPACE file.
Flavors: r-devel-linux-x86_64-debian-clang, r-devel-linux-x86_64-debian-gcc, r-devel-linux-x86_64-fedora-clang, r-devel-linux-x86_64-fedora-gcc, r-devel-windows-ix86+x86_64, r-patched-linux-x86_64, r-patched-solaris-x86, r-release-linux-x86_64, r-release-windows-ix86+x86_64, r-release-osx-x86_64, r-oldrel-windows-ix86+x86_64, r-oldrel-osx-x86_64