CRAN Package Check Results for Package distrMod

Last updated on 2018-11-24 00:51:04 CET.

Flavor Version Tinstall Tcheck Ttotal Status Flags
r-devel-linux-x86_64-debian-clang 2.7.0 25.87 150.73 176.60 OK
r-devel-linux-x86_64-debian-gcc 2.7.0 23.98 119.32 143.30 OK
r-devel-linux-x86_64-fedora-clang 2.7.0 214.67 OK
r-devel-linux-x86_64-fedora-gcc 2.7.0 208.54 OK
r-devel-windows-ix86+x86_64 2.7.0 54.00 212.00 266.00 OK
r-patched-linux-x86_64 2.7.0 27.65 148.02 175.67 OK
r-patched-solaris-x86 2.7.0 276.10 OK
r-release-linux-x86_64 2.7.0 25.86 147.14 173.00 OK
r-release-windows-ix86+x86_64 2.7.0 52.00 160.00 212.00 OK
r-release-osx-x86_64 2.7.0 NOTE
r-oldrel-windows-ix86+x86_64 2.7.0 56.00 217.00 273.00 OK
r-oldrel-osx-x86_64 2.7.0 NOTE

Additional issues

ATLAS MKL noLD OpenBLAS

Check Details

Version: 2.7.0
Check: package dependencies
Result: NOTE
    Package which this enhances but not available for checking: ‘RobExtremes’
Flavors: r-release-osx-x86_64, r-oldrel-osx-x86_64