CRAN Package Check Results for Package dplyrAssist

Last updated on 2018-11-24 00:51:04 CET.

Flavor Version Tinstall Tcheck Ttotal Status Flags
r-devel-linux-x86_64-debian-clang 0.1.0 3.00 36.43 39.43 OK
r-devel-linux-x86_64-debian-gcc 0.1.0 2.61 30.14 32.75 OK
r-devel-linux-x86_64-fedora-clang 0.1.0 46.67 NOTE
r-devel-linux-x86_64-fedora-gcc 0.1.0 44.13 NOTE
r-devel-windows-ix86+x86_64 0.1.0 12.00 55.00 67.00 OK
r-patched-linux-x86_64 0.1.0 3.00 35.27 38.27 OK
r-patched-solaris-x86 0.1.0 74.20 NOTE
r-release-linux-x86_64 0.1.0 2.77 35.30 38.07 OK
r-release-windows-ix86+x86_64 0.1.0 14.00 77.00 91.00 OK
r-release-osx-x86_64 0.1.0 NOTE
r-oldrel-windows-ix86+x86_64 0.1.0 14.00 69.00 83.00 OK
r-oldrel-osx-x86_64 0.1.0 NOTE

Check Details

Version: 0.1.0
Check: dependencies in R code
Result: NOTE
    Namespaces in Imports field not imported from:
     ‘tidyr’ ‘tidyverse’
     All declared Imports should be used.
Flavors: r-devel-linux-x86_64-fedora-clang, r-devel-linux-x86_64-fedora-gcc, r-patched-solaris-x86, r-release-osx-x86_64, r-oldrel-osx-x86_64