Last updated on 2018-11-24 00:51:04 CET.
Flavor | Version | Tinstall | Tcheck | Ttotal | Status | Flags |
---|---|---|---|---|---|---|
r-devel-linux-x86_64-debian-clang | 0.60.32 | 6.02 | 70.57 | 76.59 | OK | |
r-devel-linux-x86_64-debian-gcc | 0.60.32 | 4.81 | 51.94 | 56.75 | OK | |
r-devel-linux-x86_64-fedora-clang | 0.60.32 | 89.37 | NOTE | |||
r-devel-linux-x86_64-fedora-gcc | 0.60.32 | 83.83 | NOTE | |||
r-devel-windows-ix86+x86_64 | 0.60.32 | 13.00 | 101.00 | 114.00 | OK | |
r-patched-linux-x86_64 | 0.60.32 | 4.13 | 65.73 | 69.86 | OK | |
r-patched-solaris-x86 | 0.60.32 | 131.60 | NOTE | |||
r-release-linux-x86_64 | 0.60.32 | 4.83 | 65.57 | 70.40 | OK | |
r-release-windows-ix86+x86_64 | 0.60.32 | 11.00 | 79.00 | 90.00 | OK | |
r-release-osx-x86_64 | 0.60.32 | NOTE | ||||
r-oldrel-windows-ix86+x86_64 | 0.60.32 | 8.00 | 115.00 | 123.00 | OK | |
r-oldrel-osx-x86_64 | 0.60.32 | NOTE |
Version: 0.60.32
Check: dependencies in R code
Result: NOTE
Namespaces in Imports field not imported from:
‘rJava’ ‘tools’ ‘xtable’
All declared Imports should be used.
Flavors: r-devel-linux-x86_64-fedora-clang, r-devel-linux-x86_64-fedora-gcc, r-patched-solaris-x86, r-release-osx-x86_64, r-oldrel-osx-x86_64